{"id":126,"date":"2024-11-13T13:37:38","date_gmt":"2024-11-13T12:37:38","guid":{"rendered":"https:\/\/laolladechile.com\/farmacia\/?post_type=product&#038;p=126"},"modified":"2024-11-13T13:37:38","modified_gmt":"2024-11-13T12:37:38","slug":"inno-gialuron","status":"publish","type":"product","link":"http:\/\/laolladechile.com\/farmacia\/inno-gialuron","title":{"rendered":"Inno Gialuron"},"content":{"rendered":"<h2>C\u00f3mo elegir una crema antiarrugas<\/h2>\n<p><img loading=\"lazy\" decoding=\"async\" class=\"aligncenter size-full wp-image-130\" src=\"http:\/\/laolladechile.com\/farmacia\/wp-content\/uploads\/2024\/11\/Inno-Gialuron-3.jpg\" alt=\"Inno Gialuron confiable\" width=\"500\" height=\"287\" srcset=\"https:\/\/laolladechile.com\/farmacia\/wp-content\/uploads\/2024\/11\/Inno-Gialuron-3.jpg 500w, https:\/\/laolladechile.com\/farmacia\/wp-content\/uploads\/2024\/11\/Inno-Gialuron-3-300x172.jpg 300w\" sizes=\"(max-width: 500px) 100vw, 500px\" \/><\/p>\n<p>En primer lugar, preste atenci\u00f3n a la composici\u00f3n del producto antienvejecimiento. La composici\u00f3n de una crema antiarrugas de alta calidad debe incluir necesariamente sustancias activas:<\/p>\n<ul>\n<li aria-level=\"1\">Retinol (vitamina A) y retinoides (sus derivados). La mejor opci\u00f3n para quienes necesitan estimular la propia producci\u00f3n de col\u00e1geno de la piel. Es muy dif\u00edcil preservar el retinol inestable y llevarlo a las capas profundas de la piel, por lo que han aparecido muchos derivados del retinol \u201cinteligentes\u201d: retinaldeh\u00eddo, tretino\u00edna, tretinol, adapaleno y otros.<\/li>\n<li aria-level=\"1\">Los p\u00e9ptidos son el \u00faltimo desarrollo de los cient\u00edficos coreanos y lo mejor que se ha inventado para renovar y nutrir la piel. Las cadenas cortas de p\u00e9ptidos penetran en las capas profundas, llenando la piel de sustancias activas. Hacer cosm\u00e9ticos con p\u00e9ptidos es un proceso complejo y costoso, por lo que una buena crema antiarrugas para mujeres despu\u00e9s de los 50 a\u00f1os no puede ser barata, porque la concentraci\u00f3n m\u00ednima efectiva de p\u00e9ptidos es al menos del 7%.<\/li>\n<li aria-level=\"1\">\u00c1cidos AHA y BHA. Exfolia las c\u00e9lulas muertas, haz que se regeneren m\u00e1s r\u00e1pido y aumenta el n\u00famero de c\u00e9lulas vivas de la piel, estimula la producci\u00f3n de la piel de su propio \u00e1cido hialur\u00f3nico, col\u00e1geno y elastina. Estos \u00e1cidos se han utilizado con \u00e9xito en cremas para regenerar las c\u00e9lulas y reducir las arrugas. Pero debe tener m\u00e1s cuidado con ellos, dichos fondos no est\u00e1n dise\u00f1ados para el uso diario.<\/li>\n<li aria-level=\"1\">Col\u00e1geno hidrolizado. Sella bien y mejora la elasticidad de la piel. Pero solo es eficaz para pieles j\u00f3venes.<\/li>\n<li aria-level=\"1\">Ceramide NP y Agrireline son relajantes musculares que alivian la tensi\u00f3n de los m\u00fasculos faciales y suavizan las arrugas. Es caro de fabricar, por lo que se encuentra con mayor frecuencia en marcas de lujo.<\/li>\n<li aria-level=\"1\">La coenzima Q10 libera de radicales libres, restablece el equilibrio energ\u00e9tico, reduce la p\u00e9rdida de elastina y col\u00e1geno.<\/li>\n<li aria-level=\"1\">Los componentes placentarios nutren, regeneran y renuevan la dermis. La composici\u00f3n de dicha crema incluye: c\u00e9lulas madre, p\u00e9ptidos (prote\u00ednas responsables de la producci\u00f3n de col\u00e1geno y elastina), lecitina, trifosfato de adenosina (aumenta el suministro de energ\u00eda de las c\u00e9lulas), \u00e1cido hialur\u00f3nico, vitaminas y minerales.<\/li>\n<\/ul>\n<p>Es imperativo tener en cuenta la edad y las caracter\u00edsticas individuales de la piel. Las marcas en las cremas antiarrugas se inventaron por una raz\u00f3n. Determina tu tipo de piel y selecciona un producto de acuerdo a ese tipo. Para pieles mixtas a grasas, los productos destinados a pieles secas no son adecuados, y viceversa. Los cosm\u00e9ticos funcionan si los usa de manera regular y sist\u00e9mica, por lo que tiene sentido comprar una l\u00ednea antienvejecimiento que incluya cuidado de d\u00eda, cuidado de noche, suero, mascarilla y peeling.<\/p>\n<p>En caso de duda sobre qu\u00e9 crema elegir, consulte con una esteticista. \u00c9l le dar\u00e1 consejos sobre c\u00f3mo cuidar su piel y lo ayudar\u00e1 a navegar por las formulaciones, la variedad de productos, l\u00edneas y fabricantes.<\/p>\n<h2>Opini\u00f3n experta Inno Gialuron crema:<\/h2>\n<p><b>Evelina, cosmet\u00f3loga:<\/b><\/p>\n<p>Para empezar, los milagros no suceden, y sean cuales sean los principios activos que se incluyen en las cremas anti-edad, todav\u00eda son incapaces de hacer frente a las arrugas profundas. Para que la publicidad no hable de eso.<\/p>\n<p>Pero, de hecho, las arrugas no son el \u00fanico indicador de que se acerca la madurez. Mire a las mujeres extranjeras, no luchan man\u00edacas con las arrugas, sin embargo, se ven geniales al mismo tiempo. Entienden que, de hecho, los indicadores de marchitamiento son un espectro de factores: piel pigmentada o cansada, \u00f3valo y contorno de la cara d\u00e9biles, arrugas \u00abt\u00edtere\u00bb, \u00abca\u00edda\u00bb de bolsas de grasa en las mejillas. Esto significa que debes luchar de manera integral. Qu\u00e9 buena esteticista te recomendar\u00e1 hacer. Esto no significa que se deba decir \u00abno\u00bb a las cremas antiarrugas, son un excelente coadyuvante, pero no el principal.<\/p>\n<h2>Por qu\u00e9 elegir Inno Gialuron crema<\/h2>\n<p><img loading=\"lazy\" decoding=\"async\" class=\"aligncenter size-full wp-image-129\" src=\"http:\/\/laolladechile.com\/farmacia\/wp-content\/uploads\/2024\/11\/Inno-Gialuron-2.jpg\" alt=\"Inno Gialuron funciona\" width=\"500\" height=\"328\" srcset=\"https:\/\/laolladechile.com\/farmacia\/wp-content\/uploads\/2024\/11\/Inno-Gialuron-2.jpg 500w, https:\/\/laolladechile.com\/farmacia\/wp-content\/uploads\/2024\/11\/Inno-Gialuron-2-300x197.jpg 300w\" sizes=\"(max-width: 500px) 100vw, 500px\" \/><\/p>\n<p>Serum Inno Gialuron crema tiene muchas propiedades \u00fanicas que pueden considerarse sus beneficios reales. \u00c9stos incluyen:<\/p>\n<ul>\n<li aria-level=\"1\">suaviza completamente las arrugas y elimina las l\u00edneas faciales resultantes en la cara;<\/li>\n<li aria-level=\"1\">mejora significativamente el tono de la piel y la limpia de las erupciones existentes;<\/li>\n<li aria-level=\"1\">hace frente eficazmente al enrojecimiento y la irritaci\u00f3n en la superficie de la cara;<\/li>\n<li aria-level=\"1\">estrecha los poros y ayuda a eliminar las impurezas existentes en ellos;<\/li>\n<li aria-level=\"1\">devuelve la piel a su elasticidad anterior;<\/li>\n<li aria-level=\"1\">aumenta la elasticidad de la epidermis y mejora su estructura;<\/li>\n<li aria-level=\"1\">prolonga la juventud a nivel celular;<\/li>\n<li aria-level=\"1\">ralentiza todos los procesos de envejecimiento y, por lo tanto, protege contra la aparici\u00f3n temprana de signos de marchitamiento;<\/li>\n<li aria-level=\"1\">proporciona una hidrataci\u00f3n profunda de todas las capas de la epidermis;<\/li>\n<li aria-level=\"1\">simula el \u00f3valo cambiado de la cara;<\/li>\n<li aria-level=\"1\">elimina todas las imperfecciones externas existentes;<\/li>\n<li aria-level=\"1\">tiene un efecto protector contra los efectos nocivos de la radiaci\u00f3n ultravioleta;<\/li>\n<li aria-level=\"1\">restaura la capa de l\u00edpidos da\u00f1ada;<\/li>\n<li aria-level=\"1\">satura las c\u00e9lulas con microelementos nutritivos y esenciales.<\/li>\n<\/ul>\n<p>Adem\u00e1s, los siguientes puntos se pueden atribuir a las ventajas obvias de Inno Gialuron crema:<\/p>\n<ul>\n<li aria-level=\"1\">costo aceptable;<\/li>\n<li aria-level=\"1\">composici\u00f3n natural y segura;<\/li>\n<li aria-level=\"1\">logro r\u00e1pido del resultado prometido;<\/li>\n<li aria-level=\"1\">facilidad de uso;<\/li>\n<li aria-level=\"1\">falta de efectos secundarios y reacciones al\u00e9rgicas;<\/li>\n<li aria-level=\"1\">puede ser utilizado por mujeres de diferentes edades.<\/li>\n<\/ul>\n<h2>Lista Inno Gialuron crema<\/h2>\n<p>Solo los ingredientes naturales y altamente efectivos formaron la base del producto Inno Gialuron crema. Los principales son:<\/p>\n<ul>\n<li aria-level=\"1\">extracto de fucus. Estimula la producci\u00f3n de col\u00e1geno interno, acelera la regeneraci\u00f3n de los tejidos blandos, mejora el estado de la epidermis.<\/li>\n<li aria-level=\"1\">Extracci\u00f3n de algas. Tiene un efecto calmante sobre la superficie de la piel, la protege cuidadosamente de los efectos agresivos del entorno externo.<\/li>\n<li aria-level=\"1\">\u00c1cido f\u00f3lico. Apoya y activa el proceso de rejuvenecimiento celular, promueve la eliminaci\u00f3n de sustancias t\u00f3xicas.<\/li>\n<li aria-level=\"1\">Extracto de camelia china. Suprime el da\u00f1o de la luz solar, unifica el tono de la piel y transforma la apariencia del rostro.<\/li>\n<\/ul>\n<h2>\u00bfC\u00f3mo funciona Inno Gialuron crema?<\/h2>\n<p><img loading=\"lazy\" decoding=\"async\" class=\"aligncenter size-full wp-image-128\" src=\"http:\/\/laolladechile.com\/farmacia\/wp-content\/uploads\/2024\/11\/Inno-Gialuron-1.jpg\" alt=\"Inno Gialuron como se aplica\" width=\"500\" height=\"280\" srcset=\"https:\/\/laolladechile.com\/farmacia\/wp-content\/uploads\/2024\/11\/Inno-Gialuron-1.jpg 500w, https:\/\/laolladechile.com\/farmacia\/wp-content\/uploads\/2024\/11\/Inno-Gialuron-1-300x168.jpg 300w\" sizes=\"(max-width: 500px) 100vw, 500px\" \/><\/p>\n<p>Serum Inno Gialuron crema puede penetrar en las capas profundas de la piel y proporcionar la cantidad requerida de humedad y los microelementos necesarios all\u00ed. Como resultado, las c\u00e9lulas activan sus procesos metab\u00f3licos y comienzan a acelerar su propia regeneraci\u00f3n. Todo esto conduce a un cambio gradual en la superficie de la piel para mejor. Y usar esta asombrosa herramienta es bastante simple. Primero, se debe limpiar el rostro de maquillaje, usando cualquier leche cosm\u00e9tica para esto. Luego, el suero en s\u00ed se aplica a la piel seca. Es m\u00e1s conveniente hacer esto con la ayuda de las yemas de los dedos, realizando movimientos de masajes leves y matadores, para que la composici\u00f3n se absorba mejor y m\u00e1s r\u00e1pidamente en la epidermis.<\/p>\n<p>Se recomienda realizar tales manipulaciones dos veces al d\u00eda durante todo el mes. Y luego el remedio se puede usar para la prevenci\u00f3n.<\/p>\n<h2>Contraindicaciones disponibles<\/h2>\n<p>Otra ventaja de este s\u00e9rum es que no tiene absolutamente ninguna contraindicaci\u00f3n. Puede ser utilizado por todas las mujeres interesadas, para quienes la juventud y la belleza de la piel son importantes.<\/p>\n<h2>Opiniones sobre Inno Gialuron crema:<\/h2>\n<blockquote><p><b>Estela,\u00a0<\/b><b>Guatemala<\/b><\/p>\n<p>Hola. Ante el problema, como todas las mujeres, los cambios cut\u00e1neos relacionados con la edad. Quer\u00eda deshacerme de las arrugas y no da\u00f1ar mi salud. Ped\u00ed el suero Inno Gialuron crema confiable a trav\u00e9s del sitio web oficial, lleg\u00f3 muy r\u00e1pido. La composici\u00f3n es completamente natural, por lo que definitivamente no da\u00f1ar\u00e1. Lo us\u00e9 durante 3 semanas, el efecto es realmente bueno. Las arrugas, las patas de gallo cerca de los ojos comenzaron a desaparecer. El precio de este medicamento no es alto, pero el resultado ni siquiera es muy malo, la piel ha adquirido un tinte rosado vivo en las mejillas. Compr\u00e9 otro tubo, ya que no es suficiente por mucho tiempo, y sigo aplic\u00e1ndolo.<\/p><\/blockquote>\n<p>&nbsp;<\/p>\n<blockquote><p><b>Ana, <\/b><b>Guatemala<\/b><\/p>\n<p>Ha pasado casi un mes desde que comenc\u00e9 a usar Inno Gialuron crema funciona. Me lo dieron, as\u00ed que fue un pecado no intentarlo. Ser\u00e9 honesto, no creo en todas estas cremas milagrosas. Aqu\u00ed est\u00e1n los procedimientos del sal\u00f3n: esto es, por supuesto, s\u00ed, solo que ahora lo son para que no haya suficiente dinero. En general, ahora no se trata de eso.Durante las dos primeras semanas del s\u00e9rum, no sent\u00ed ning\u00fan resultado m\u00e1s que una buena hidrataci\u00f3n. Un poco m\u00e1s tarde, comenc\u00e9 a notar que las finas arrugas alrededor de los ojos comenzaron a suavizarse gradualmente. Por supuesto, pens\u00e9 que el trasfondo hormonal hab\u00eda cambiado (lamentablemente, esto suele pasar con nosotras las mujeres) y la piel parece m\u00e1s el\u00e1stica, pero no. As\u00ed pas\u00f3 la tercera semana y ahora la cuarta est\u00e1 llegando a su fin. Si este efecto dura m\u00e1s tiempo, definitivamente me comprar\u00e9 otro suero del mismo tipo. Me gustar\u00eda mucho que este efecto durara el mayor tiempo posible.<\/p><\/blockquote>\n","protected":false},"excerpt":{"rendered":"<div class=\"flex max-w-full flex-col flex-grow\">\n<div class=\"min-h-8 text-message flex w-full flex-col items-end gap-2 whitespace-normal break-words [.text-message+&amp;]:mt-5\" dir=\"auto\" data-message-author-role=\"assistant\" data-message-id=\"e850db24-31b4-4be1-aae9-76779382c31f\" data-message-model-slug=\"gpt-4o\">\n<div class=\"flex w-full flex-col gap-1 empty:hidden first:pt-[3px]\">\n<div class=\"markdown prose w-full break-words dark:prose-invert light\">\n<p>Inno Gialuron crema antiarrugas avanzada contiene una poderosa combinaci\u00f3n de retinol, p\u00e9ptidos y \u00e1cidos AHA\/BHA que estimulan la producci\u00f3n de col\u00e1geno y renuevan la piel. Su f\u00f3rmula tambi\u00e9n incluye coenzima Q10 y componentes placentarios, que nutren y regeneran las capas profundas de la dermis para una apariencia juvenil y firme.<\/p>\n<\/div>\n<\/div>\n<\/div>\n<\/div>\n<div class=\"mb-2 flex gap-3 empty:hidden -ml-2\">\n<div class=\"items-center justify-start rounded-xl p-1 flex\">\n<div class=\"flex items-center\">\n<div class=\"flex\"><\/div>\n<div class=\"flex items-center pb-0\"><\/div>\n<\/div>\n<\/div>\n<\/div>\n","protected":false},"featured_media":127,"comment_status":"open","ping_status":"closed","template":"","meta":[],"product_cat":[15],"product_tag":[],"yoast_head":"<!-- This site is optimized with the Yoast SEO plugin v23.8 - https:\/\/yoast.com\/wordpress\/plugins\/seo\/ -->\n<title>Inno Gialuron comprar suero rejuvenecedor en La Olla de Chile<\/title>\n<meta name=\"robots\" content=\"index, follow, max-snippet:-1, max-image-preview:large, max-video-preview:-1\" \/>\n<link rel=\"canonical\" href=\"http:\/\/laolladechile.com\/farmacia\/inno-gialuron\" \/>\n<meta property=\"og:locale\" content=\"es_ES\" \/>\n<meta property=\"og:type\" content=\"article\" \/>\n<meta property=\"og:title\" content=\"Inno Gialuron comprar suero rejuvenecedor en La Olla de Chile\" \/>\n<meta property=\"og:description\" content=\"Inno Gialuron crema antiarrugas avanzada contiene una poderosa combinaci\u00f3n de retinol, p\u00e9ptidos y \u00e1cidos AHA\/BHA que estimulan la producci\u00f3n de col\u00e1geno y renuevan la piel. Su f\u00f3rmula tambi\u00e9n incluye coenzima Q10 y componentes placentarios, que nutren y regeneran las capas profundas de la dermis para una apariencia juvenil y firme.\" \/>\n<meta property=\"og:url\" content=\"http:\/\/laolladechile.com\/farmacia\/inno-gialuron\" \/>\n<meta property=\"og:site_name\" content=\"La Olla de Chile Farmacia\" \/>\n<meta property=\"og:image\" content=\"http:\/\/laolladechile.com\/farmacia\/wp-content\/uploads\/2024\/11\/Inno-Gialuron.jpg\" \/>\n\t<meta property=\"og:image:width\" content=\"214\" \/>\n\t<meta property=\"og:image:height\" content=\"350\" \/>\n\t<meta property=\"og:image:type\" content=\"image\/jpeg\" \/>\n<meta name=\"twitter:card\" content=\"summary_large_image\" \/>\n<meta name=\"twitter:label1\" content=\"Tiempo de lectura\" \/>\n\t<meta name=\"twitter:data1\" content=\"6 minutos\" \/>\n<script type=\"application\/ld+json\" class=\"yoast-schema-graph\">{\"@context\":\"https:\/\/schema.org\",\"@graph\":[{\"@type\":\"WebPage\",\"@id\":\"http:\/\/laolladechile.com\/farmacia\/inno-gialuron\",\"url\":\"http:\/\/laolladechile.com\/farmacia\/inno-gialuron\",\"name\":\"Inno Gialuron comprar suero rejuvenecedor en La Olla de Chile\",\"isPartOf\":{\"@id\":\"https:\/\/laolladechile.com\/farmacia\/#website\"},\"primaryImageOfPage\":{\"@id\":\"http:\/\/laolladechile.com\/farmacia\/inno-gialuron#primaryimage\"},\"image\":{\"@id\":\"http:\/\/laolladechile.com\/farmacia\/inno-gialuron#primaryimage\"},\"thumbnailUrl\":\"https:\/\/laolladechile.com\/farmacia\/wp-content\/uploads\/2024\/11\/Inno-Gialuron.jpg\",\"datePublished\":\"2024-11-13T12:37:38+00:00\",\"dateModified\":\"2024-11-13T12:37:38+00:00\",\"breadcrumb\":{\"@id\":\"http:\/\/laolladechile.com\/farmacia\/inno-gialuron#breadcrumb\"},\"inLanguage\":\"es\",\"potentialAction\":[{\"@type\":\"ReadAction\",\"target\":[\"http:\/\/laolladechile.com\/farmacia\/inno-gialuron\"]}]},{\"@type\":\"ImageObject\",\"inLanguage\":\"es\",\"@id\":\"http:\/\/laolladechile.com\/farmacia\/inno-gialuron#primaryimage\",\"url\":\"https:\/\/laolladechile.com\/farmacia\/wp-content\/uploads\/2024\/11\/Inno-Gialuron.jpg\",\"contentUrl\":\"https:\/\/laolladechile.com\/farmacia\/wp-content\/uploads\/2024\/11\/Inno-Gialuron.jpg\",\"width\":214,\"height\":350,\"caption\":\"Inno Gialuron\"},{\"@type\":\"BreadcrumbList\",\"@id\":\"http:\/\/laolladechile.com\/farmacia\/inno-gialuron#breadcrumb\",\"itemListElement\":[{\"@type\":\"ListItem\",\"position\":1,\"name\":\"Home\",\"item\":\"https:\/\/laolladechile.com\/farmacia\/\"},{\"@type\":\"ListItem\",\"position\":2,\"name\":\"Inno Gialuron\"}]},{\"@type\":\"WebSite\",\"@id\":\"https:\/\/laolladechile.com\/farmacia\/#website\",\"url\":\"https:\/\/laolladechile.com\/farmacia\/\",\"name\":\"La Olla de Chile Farmacia\",\"description\":\"\",\"publisher\":{\"@id\":\"https:\/\/laolladechile.com\/farmacia\/#organization\"},\"potentialAction\":[{\"@type\":\"SearchAction\",\"target\":{\"@type\":\"EntryPoint\",\"urlTemplate\":\"https:\/\/laolladechile.com\/farmacia\/?s={search_term_string}\"},\"query-input\":{\"@type\":\"PropertyValueSpecification\",\"valueRequired\":true,\"valueName\":\"search_term_string\"}}],\"inLanguage\":\"es\"},{\"@type\":\"Organization\",\"@id\":\"https:\/\/laolladechile.com\/farmacia\/#organization\",\"name\":\"La Olla de Chile Farmacia\",\"url\":\"https:\/\/laolladechile.com\/farmacia\/\",\"logo\":{\"@type\":\"ImageObject\",\"inLanguage\":\"es\",\"@id\":\"https:\/\/laolladechile.com\/farmacia\/#\/schema\/logo\/image\/\",\"url\":\"https:\/\/laolladechile.com\/farmacia\/wp-content\/uploads\/2024\/11\/logo-la-olla.jpg\",\"contentUrl\":\"https:\/\/laolladechile.com\/farmacia\/wp-content\/uploads\/2024\/11\/logo-la-olla.jpg\",\"width\":261,\"height\":62,\"caption\":\"La Olla de Chile Farmacia\"},\"image\":{\"@id\":\"https:\/\/laolladechile.com\/farmacia\/#\/schema\/logo\/image\/\"}}]}<\/script>\n<!-- \/ Yoast SEO plugin. -->","yoast_head_json":{"title":"Inno Gialuron comprar suero rejuvenecedor en La Olla de Chile","robots":{"index":"index","follow":"follow","max-snippet":"max-snippet:-1","max-image-preview":"max-image-preview:large","max-video-preview":"max-video-preview:-1"},"canonical":"http:\/\/laolladechile.com\/farmacia\/inno-gialuron","og_locale":"es_ES","og_type":"article","og_title":"Inno Gialuron comprar suero rejuvenecedor en La Olla de Chile","og_description":"Inno Gialuron crema antiarrugas avanzada contiene una poderosa combinaci\u00f3n de retinol, p\u00e9ptidos y \u00e1cidos AHA\/BHA que estimulan la producci\u00f3n de col\u00e1geno y renuevan la piel. Su f\u00f3rmula tambi\u00e9n incluye coenzima Q10 y componentes placentarios, que nutren y regeneran las capas profundas de la dermis para una apariencia juvenil y firme.","og_url":"http:\/\/laolladechile.com\/farmacia\/inno-gialuron","og_site_name":"La Olla de Chile Farmacia","og_image":[{"width":214,"height":350,"url":"http:\/\/laolladechile.com\/farmacia\/wp-content\/uploads\/2024\/11\/Inno-Gialuron.jpg","type":"image\/jpeg"}],"twitter_card":"summary_large_image","twitter_misc":{"Tiempo de lectura":"6 minutos"},"schema":{"@context":"https:\/\/schema.org","@graph":[{"@type":"WebPage","@id":"http:\/\/laolladechile.com\/farmacia\/inno-gialuron","url":"http:\/\/laolladechile.com\/farmacia\/inno-gialuron","name":"Inno Gialuron comprar suero rejuvenecedor en La Olla de Chile","isPartOf":{"@id":"https:\/\/laolladechile.com\/farmacia\/#website"},"primaryImageOfPage":{"@id":"http:\/\/laolladechile.com\/farmacia\/inno-gialuron#primaryimage"},"image":{"@id":"http:\/\/laolladechile.com\/farmacia\/inno-gialuron#primaryimage"},"thumbnailUrl":"https:\/\/laolladechile.com\/farmacia\/wp-content\/uploads\/2024\/11\/Inno-Gialuron.jpg","datePublished":"2024-11-13T12:37:38+00:00","dateModified":"2024-11-13T12:37:38+00:00","breadcrumb":{"@id":"http:\/\/laolladechile.com\/farmacia\/inno-gialuron#breadcrumb"},"inLanguage":"es","potentialAction":[{"@type":"ReadAction","target":["http:\/\/laolladechile.com\/farmacia\/inno-gialuron"]}]},{"@type":"ImageObject","inLanguage":"es","@id":"http:\/\/laolladechile.com\/farmacia\/inno-gialuron#primaryimage","url":"https:\/\/laolladechile.com\/farmacia\/wp-content\/uploads\/2024\/11\/Inno-Gialuron.jpg","contentUrl":"https:\/\/laolladechile.com\/farmacia\/wp-content\/uploads\/2024\/11\/Inno-Gialuron.jpg","width":214,"height":350,"caption":"Inno Gialuron"},{"@type":"BreadcrumbList","@id":"http:\/\/laolladechile.com\/farmacia\/inno-gialuron#breadcrumb","itemListElement":[{"@type":"ListItem","position":1,"name":"Home","item":"https:\/\/laolladechile.com\/farmacia\/"},{"@type":"ListItem","position":2,"name":"Inno Gialuron"}]},{"@type":"WebSite","@id":"https:\/\/laolladechile.com\/farmacia\/#website","url":"https:\/\/laolladechile.com\/farmacia\/","name":"La Olla de Chile Farmacia","description":"","publisher":{"@id":"https:\/\/laolladechile.com\/farmacia\/#organization"},"potentialAction":[{"@type":"SearchAction","target":{"@type":"EntryPoint","urlTemplate":"https:\/\/laolladechile.com\/farmacia\/?s={search_term_string}"},"query-input":{"@type":"PropertyValueSpecification","valueRequired":true,"valueName":"search_term_string"}}],"inLanguage":"es"},{"@type":"Organization","@id":"https:\/\/laolladechile.com\/farmacia\/#organization","name":"La Olla de Chile Farmacia","url":"https:\/\/laolladechile.com\/farmacia\/","logo":{"@type":"ImageObject","inLanguage":"es","@id":"https:\/\/laolladechile.com\/farmacia\/#\/schema\/logo\/image\/","url":"https:\/\/laolladechile.com\/farmacia\/wp-content\/uploads\/2024\/11\/logo-la-olla.jpg","contentUrl":"https:\/\/laolladechile.com\/farmacia\/wp-content\/uploads\/2024\/11\/logo-la-olla.jpg","width":261,"height":62,"caption":"La Olla de Chile Farmacia"},"image":{"@id":"https:\/\/laolladechile.com\/farmacia\/#\/schema\/logo\/image\/"}}]}},"_links":{"self":[{"href":"https:\/\/laolladechile.com\/farmacia\/index.php?rest_route=\/wp\/v2\/product\/126"}],"collection":[{"href":"https:\/\/laolladechile.com\/farmacia\/index.php?rest_route=\/wp\/v2\/product"}],"about":[{"href":"https:\/\/laolladechile.com\/farmacia\/index.php?rest_route=\/wp\/v2\/types\/product"}],"replies":[{"embeddable":true,"href":"https:\/\/laolladechile.com\/farmacia\/index.php?rest_route=%2Fwp%2Fv2%2Fcomments&post=126"}],"wp:featuredmedia":[{"embeddable":true,"href":"https:\/\/laolladechile.com\/farmacia\/index.php?rest_route=\/wp\/v2\/media\/127"}],"wp:attachment":[{"href":"https:\/\/laolladechile.com\/farmacia\/index.php?rest_route=%2Fwp%2Fv2%2Fmedia&parent=126"}],"wp:term":[{"taxonomy":"product_cat","embeddable":true,"href":"https:\/\/laolladechile.com\/farmacia\/index.php?rest_route=%2Fwp%2Fv2%2Fproduct_cat&post=126"},{"taxonomy":"product_tag","embeddable":true,"href":"https:\/\/laolladechile.com\/farmacia\/index.php?rest_route=%2Fwp%2Fv2%2Fproduct_tag&post=126"}],"curies":[{"name":"wp","href":"https:\/\/api.w.org\/{rel}","templated":true}]}}