{"id":149,"date":"2024-11-13T14:04:27","date_gmt":"2024-11-13T13:04:27","guid":{"rendered":"https:\/\/laolladechile.com\/farmacia\/?post_type=product&#038;p=149"},"modified":"2024-11-13T14:04:27","modified_gmt":"2024-11-13T13:04:27","slug":"alfaman","status":"publish","type":"product","link":"http:\/\/laolladechile.com\/farmacia\/alfaman","title":{"rendered":"Alfaman"},"content":{"rendered":"<h2>Descripci\u00f3n del Producto<\/h2>\n<p><img loading=\"lazy\" decoding=\"async\" class=\"aligncenter size-full wp-image-152\" src=\"http:\/\/laolladechile.com\/farmacia\/wp-content\/uploads\/2024\/11\/Alfaman-2.jpg\" alt=\"Alfaman farmacia del ahorro\" width=\"500\" height=\"281\" srcset=\"https:\/\/laolladechile.com\/farmacia\/wp-content\/uploads\/2024\/11\/Alfaman-2.jpg 500w, https:\/\/laolladechile.com\/farmacia\/wp-content\/uploads\/2024\/11\/Alfaman-2-300x169.jpg 300w\" sizes=\"(max-width: 500px) 100vw, 500px\" \/><\/p>\n<p>Los problemas en la esfera sexual reducen significativamente la calidad de vida de los hombres y, a veces, se convierten en la causa del desarrollo de complejos psicol\u00f3gicos. Alfaman pastillas es un producto del trabajo a largo plazo de biotecn\u00f3logos que han logrado combinar con \u00e9xito todos los elementos necesarios en una f\u00f3rmula. Bajo la influencia de un producto \u00fanico, se activa la energ\u00eda sexual, que convierte al hombre en una m\u00e1quina sexual con una m\u00e1quina de movimiento perpetuo.<\/p>\n<p>Con Alfaman pastillas, cada representante del sexo m\u00e1s fuerte puede brindarle a la pareja el m\u00e1ximo placer, cuya continuaci\u00f3n desea una y otra vez. La droga le permitir\u00e1 estar siempre en las filas, en plena preparaci\u00f3n para aventuras sexuales.<\/p>\n<h2>Composici\u00f3n<\/h2>\n<p>Gracias a los muchos a\u00f1os de trabajo de los cient\u00edficos biotecnol\u00f3gicos, la ciencia moderna ha logrado crear un producto \u00fanico con una rica composici\u00f3n de componentes naturales con propiedades regeneradoras:<\/p>\n<ul>\n<li aria-level=\"1\">Hongo Cordyceps (extracto): aumenta la resistencia del cuerpo, tiene un poderoso efecto antiinflamatorio y antiviral<\/li>\n<li aria-level=\"1\">C\u00e1rtamo Leuzea (extracto de ra\u00edz): fortalece la erecci\u00f3n, mejora el placer del sexo<\/li>\n<li aria-level=\"1\">Ginseng (ra\u00edz): mejora el rendimiento y la resistencia, permite tener relaciones sexuales m\u00e1s duraderas y vigorosas.<\/li>\n<li aria-level=\"1\">Eleuterococo (extracto de ra\u00edz): proporciona un placer incre\u00edble del sexo, mejora la agudeza de las sensaciones y alivia la fatiga.<\/li>\n<li aria-level=\"1\">Horny Goat Weed (extracto de hoja): mejora el deseo y el deseo sexuales, mejora la calidad del sexo y el placer de las mujeres<\/li>\n<li aria-level=\"1\">Indol-3-Carbinol: apoya la salud genital y de la pr\u00f3stata y mantiene un equilibrio hormonal saludable<\/li>\n<li aria-level=\"1\">L-arginina: aumenta la profundidad y la duraci\u00f3n del orgasmo, prolonga las relaciones sexuales y mejora las sensaciones agradables.<\/li>\n<\/ul>\n<h2>\u00bfComo funciona?<\/h2>\n<p>Gracias a la f\u00f3rmula secreta Alfaman pastillas, tiene un efecto eficaz en el cuerpo despu\u00e9s del primer uso. La droga asegura la restauraci\u00f3n de las funciones masculinas naturales y las lleva al nivel m\u00e1s alto posible. Alfaman pastillas tiene un efecto complejo sobre la salud sexual masculina:<\/p>\n<ul>\n<li aria-level=\"1\">Favorece la prolongaci\u00f3n de las relaciones sexuales.<\/li>\n<li aria-level=\"1\">Fortalece la erecci\u00f3n<\/li>\n<li aria-level=\"1\">Alivia la eyaculaci\u00f3n precoz<\/li>\n<li aria-level=\"1\">Aumenta la confianza en uno mismo.<\/li>\n<\/ul>\n<p>La erecci\u00f3n matutina, que ocurre en la mayor\u00eda de los hombres, los cient\u00edficos explican la liberaci\u00f3n activa de testosterona durante este per\u00edodo del d\u00eda. Los sex\u00f3logos consideran que la ma\u00f1ana es el momento adecuado para el sexo y recomiendan aprovechar al m\u00e1ximo el momento para el coito.<\/p>\n<h2>\u00bfC\u00f3mo utilizar?<\/h2>\n<p><img loading=\"lazy\" decoding=\"async\" class=\"aligncenter size-full wp-image-151\" src=\"http:\/\/laolladechile.com\/farmacia\/wp-content\/uploads\/2024\/11\/Alfaman-1.jpg\" alt=\"Alfaman opiniones\" width=\"500\" height=\"332\" srcset=\"https:\/\/laolladechile.com\/farmacia\/wp-content\/uploads\/2024\/11\/Alfaman-1.jpg 500w, https:\/\/laolladechile.com\/farmacia\/wp-content\/uploads\/2024\/11\/Alfaman-1-300x199.jpg 300w\" sizes=\"(max-width: 500px) 100vw, 500px\" \/><\/p>\n<p>El uso de curso de la droga proporciona el resultado m\u00e1ximo. El efecto prolongado de tomar el complejo biol\u00f3gicamente activo Alfaman pastillas garantiza la preservaci\u00f3n de los resultados obtenidos durante un largo per\u00edodo de tiempo. Bajo la influencia de componentes biol\u00f3gicamente activos, aumenta el nivel de testosterona en el cuerpo de un hombre, lo que crea las condiciones para una erecci\u00f3n firme y duradera. El efecto m\u00e1s efectivo de la droga proporciona una aplicaci\u00f3n compleja con otros medios de la l\u00ednea Alfaman pastillas:<\/p>\n<ul>\n<li aria-level=\"1\">Alfaman pastillas para hombres con propiedades regeneradoras y nutritivas, tiene un efecto espec\u00edfico en los \u00f3rganos genitales masculinos, asegurando una erecci\u00f3n estable y duradera.<\/li>\n<li aria-level=\"1\">Alfaman pastillas aumenta la sensibilidad en ambos socios durante la intimidad, exacerba las sensaciones er\u00f3ticas, hidrata la piel de los lugares \u00edntimos.<\/li>\n<\/ul>\n<h2>\u00bfQu\u00e9 est\u00e1 haciendo?<\/h2>\n<p>Alfaman pastillas tiene las ventajas de un f\u00e1rmaco moderno altamente eficaz:<\/p>\n<ul>\n<li aria-level=\"1\">Proporciona una potencia s\u00f3lida y segura<\/li>\n<li aria-level=\"1\">Tiene una composici\u00f3n natural<\/li>\n<li aria-level=\"1\">Libre de estimulantes y qu\u00edmicos.<\/li>\n<li aria-level=\"1\">No causa adicci\u00f3n<\/li>\n<li aria-level=\"1\">Asegura sensaciones v\u00edvidas durante el sexo.<\/li>\n<li aria-level=\"1\">Tiene un efecto restaurador prolongado<\/li>\n<li aria-level=\"1\">Prolonga significativamente el placer<\/li>\n<li aria-level=\"1\">Aumenta la resistencia<\/li>\n<li aria-level=\"1\">No tiene efectos secundarios.<\/li>\n<\/ul>\n<p>Algunos productos ayudan a que la vida sexual de los hombres sea m\u00e1s brillante y rica: camarones, ostras, aguacates, huevos, nueces, jengibre, d\u00e1tiles, esp\u00e1rragos. Su olor, sabor y composici\u00f3n qu\u00edmica producen un efecto estimulante sobre el sexo m\u00e1s fuerte.<\/p>\n<h2>\u00bfDonde puedo comprar?<\/h2>\n<p>Alfaman pastillas es un producto certificado, cuya calidad ha sido documentada. La droga fue registrada y recibi\u00f3 el certificado correspondiente. Muchos hombres no saben d\u00f3nde comprar el Alfaman pastillas original para mejorar la potencia y la salud sexual. Para hacer esto, basta con colocar una solicitud en el sitio web oficial y, despu\u00e9s de una llamada de un consultor, esperar un paquete.<\/p>\n<h2>Opini\u00f3n experta<\/h2>\n<blockquote><p>Alfaman pastillas es un f\u00e1rmaco eficaz que hace frente con \u00e9xito a la tarea de mantener la salud de los hombres. Tomar el medicamento promueve la producci\u00f3n de testosterona, una hormona masculina que asegura el funcionamiento normal del \u00e1rea genital. La composici\u00f3n natural sirve como otro factor a favor de o Alfaman pastillas. Prescribo el remedio a pacientes de diferentes edades, no hubo casos de efectos secundarios. e \u00edntimo Alfaman pastillas funciona complementan con \u00e9xito la acci\u00f3n de la droga, mejoran significativamente el resultado. Este remedio \u00fanico ayuda a mejorar la din\u00e1mica de recuperaci\u00f3n de muchas enfermedades del \u00e1rea genital masculina. Alfaman pastillas no tiene contraindicaciones.<\/p>\n<p><b>Cristian<\/b><b> M.S., terapeuta sexual.<\/b><\/p><\/blockquote>\n<h2>Valoraci\u00f3n de los clientes<\/h2>\n<p>Los clientes que usaron el medicamento dejaron sus comentarios sobre Alfaman pastillas:<\/p>\n<blockquote><p><b>Eugenio<\/b><b>, 57 a\u00f1os,\u00a0<\/b>Chile<\/p>\n<p>Intento estar en forma, porque mi esposa es 2 d\u00e9cadas m\u00e1s joven que yo. Con Alfaman pastillas confiable no es nada dif\u00edcil: erecci\u00f3n estable, coito durante m\u00e1s de una hora, sensaciones c\u00f3smicas. La esposa est\u00e1 muy feliz.<\/p><\/blockquote>\n<p>&nbsp;<\/p>\n<blockquote><p><b>Fidel<\/b><b>, 27 a\u00f1os,<\/b><\/p>\n<p>Siempre tuve problemas sexuales con las chicas, por lo que estaba muy preocupada. Los gen\u00e9ricos me salvaron, pero los efectos secundarios estaban afectando negativamente mi salud. Cuando me enter\u00e9 de Alfaman pastillas confiable en Internet, inmediatamente orden\u00e9 pastillas y. Solo lo he estado usando durante un mes, pero mis problemas sexuales est\u00e1n pr\u00e1cticamente resueltos y sin efectos secundarios.<\/p><\/blockquote>\n<p>&nbsp;<\/p>\n<blockquote><p><b>Germ\u00e1n<\/b><b>, 37 a\u00f1os,<\/b><\/p>\n<p>Durante varios a\u00f1os sufri\u00f3 disfunci\u00f3n er\u00e9ctil. Alfaman pastillas, una preparaci\u00f3n con una composici\u00f3n natural, ayud\u00f3 a curarla. Not\u00e9 las primeras mejoras despu\u00e9s de 10 d\u00edas y despu\u00e9s de 3 meses me olvid\u00e9 por completo de mi enfermedad. Ahora no he tomado nada desde hace m\u00e1s de un mes, pero el efecto persiste.<\/p><\/blockquote>\n<p>&nbsp;<\/p>\n<blockquote><p><b>Gozos<\/b><b>, 42 a\u00f1os,\u00a0<\/b><\/p>\n<p>Durante mucho tiempo sufri\u00f3 de eyaculaci\u00f3n precoz, las relaciones sexuales no duraron m\u00e1s de 5-7 minutos. La erecci\u00f3n era muy d\u00e9bil y pod\u00eda desaparecer de repente. Alfaman pastillas funciona me ayud\u00f3 a recuperarme en 2 meses. Tambi\u00e9n lo uso para potenciar las sensaciones, luego el efecto mejora muchas veces.<\/p><\/blockquote>\n","protected":false},"excerpt":{"rendered":"<div class=\"flex max-w-full flex-col flex-grow\">\n<div class=\"min-h-8 text-message flex w-full flex-col items-end gap-2 whitespace-normal break-words [.text-message+&amp;]:mt-5\" dir=\"auto\" data-message-author-role=\"assistant\" data-message-id=\"b89cd6bb-612b-4ff9-93ea-00e7770b1343\" data-message-model-slug=\"gpt-4o\">\n<div class=\"flex w-full flex-col gap-1 empty:hidden first:pt-[3px]\">\n<div class=\"markdown prose w-full break-words dark:prose-invert light\">\n<p>Alfaman pastillas es un complemento dise\u00f1ado para mejorar el rendimiento sexual masculino y aumentar la energ\u00eda. Gracias a su f\u00f3rmula innovadora, ayuda a los hombres a estar siempre preparados para brindar el m\u00e1ximo placer a su pareja.<\/p>\n<\/div>\n<\/div>\n<\/div>\n<\/div>\n","protected":false},"featured_media":150,"comment_status":"open","ping_status":"closed","template":"","meta":[],"product_cat":[15],"product_tag":[],"yoast_head":"<!-- This site is optimized with the Yoast SEO plugin v23.8 - https:\/\/yoast.com\/wordpress\/plugins\/seo\/ -->\n<title>Alfaman comprar pastillas de potencia en La Olla de Chile<\/title>\n<meta name=\"robots\" content=\"index, follow, max-snippet:-1, max-image-preview:large, max-video-preview:-1\" \/>\n<link rel=\"canonical\" href=\"http:\/\/laolladechile.com\/farmacia\/alfaman\" \/>\n<meta property=\"og:locale\" content=\"es_ES\" \/>\n<meta property=\"og:type\" content=\"article\" \/>\n<meta property=\"og:title\" content=\"Alfaman comprar pastillas de potencia en La Olla de Chile\" \/>\n<meta property=\"og:description\" content=\"Alfaman pastillas es un complemento dise\u00f1ado para mejorar el rendimiento sexual masculino y aumentar la energ\u00eda. Gracias a su f\u00f3rmula innovadora, ayuda a los hombres a estar siempre preparados para brindar el m\u00e1ximo placer a su pareja.\" \/>\n<meta property=\"og:url\" content=\"http:\/\/laolladechile.com\/farmacia\/alfaman\" \/>\n<meta property=\"og:site_name\" content=\"La Olla de Chile Farmacia\" \/>\n<meta property=\"og:image\" content=\"http:\/\/laolladechile.com\/farmacia\/wp-content\/uploads\/2024\/11\/Alfaman.png\" \/>\n\t<meta property=\"og:image:width\" content=\"500\" \/>\n\t<meta property=\"og:image:height\" content=\"307\" \/>\n\t<meta property=\"og:image:type\" content=\"image\/png\" \/>\n<meta name=\"twitter:card\" content=\"summary_large_image\" \/>\n<meta name=\"twitter:label1\" content=\"Tiempo de lectura\" \/>\n\t<meta name=\"twitter:data1\" content=\"4 minutos\" \/>\n<script type=\"application\/ld+json\" class=\"yoast-schema-graph\">{\"@context\":\"https:\/\/schema.org\",\"@graph\":[{\"@type\":\"WebPage\",\"@id\":\"http:\/\/laolladechile.com\/farmacia\/alfaman\",\"url\":\"http:\/\/laolladechile.com\/farmacia\/alfaman\",\"name\":\"Alfaman comprar pastillas de potencia en La Olla de Chile\",\"isPartOf\":{\"@id\":\"https:\/\/laolladechile.com\/farmacia\/#website\"},\"primaryImageOfPage\":{\"@id\":\"http:\/\/laolladechile.com\/farmacia\/alfaman#primaryimage\"},\"image\":{\"@id\":\"http:\/\/laolladechile.com\/farmacia\/alfaman#primaryimage\"},\"thumbnailUrl\":\"https:\/\/laolladechile.com\/farmacia\/wp-content\/uploads\/2024\/11\/Alfaman.png\",\"datePublished\":\"2024-11-13T13:04:27+00:00\",\"dateModified\":\"2024-11-13T13:04:27+00:00\",\"breadcrumb\":{\"@id\":\"http:\/\/laolladechile.com\/farmacia\/alfaman#breadcrumb\"},\"inLanguage\":\"es\",\"potentialAction\":[{\"@type\":\"ReadAction\",\"target\":[\"http:\/\/laolladechile.com\/farmacia\/alfaman\"]}]},{\"@type\":\"ImageObject\",\"inLanguage\":\"es\",\"@id\":\"http:\/\/laolladechile.com\/farmacia\/alfaman#primaryimage\",\"url\":\"https:\/\/laolladechile.com\/farmacia\/wp-content\/uploads\/2024\/11\/Alfaman.png\",\"contentUrl\":\"https:\/\/laolladechile.com\/farmacia\/wp-content\/uploads\/2024\/11\/Alfaman.png\",\"width\":500,\"height\":307,\"caption\":\"Alfaman\"},{\"@type\":\"BreadcrumbList\",\"@id\":\"http:\/\/laolladechile.com\/farmacia\/alfaman#breadcrumb\",\"itemListElement\":[{\"@type\":\"ListItem\",\"position\":1,\"name\":\"Home\",\"item\":\"https:\/\/laolladechile.com\/farmacia\/\"},{\"@type\":\"ListItem\",\"position\":2,\"name\":\"Alfaman\"}]},{\"@type\":\"WebSite\",\"@id\":\"https:\/\/laolladechile.com\/farmacia\/#website\",\"url\":\"https:\/\/laolladechile.com\/farmacia\/\",\"name\":\"La Olla de Chile Farmacia\",\"description\":\"\",\"publisher\":{\"@id\":\"https:\/\/laolladechile.com\/farmacia\/#organization\"},\"potentialAction\":[{\"@type\":\"SearchAction\",\"target\":{\"@type\":\"EntryPoint\",\"urlTemplate\":\"https:\/\/laolladechile.com\/farmacia\/?s={search_term_string}\"},\"query-input\":{\"@type\":\"PropertyValueSpecification\",\"valueRequired\":true,\"valueName\":\"search_term_string\"}}],\"inLanguage\":\"es\"},{\"@type\":\"Organization\",\"@id\":\"https:\/\/laolladechile.com\/farmacia\/#organization\",\"name\":\"La Olla de Chile Farmacia\",\"url\":\"https:\/\/laolladechile.com\/farmacia\/\",\"logo\":{\"@type\":\"ImageObject\",\"inLanguage\":\"es\",\"@id\":\"https:\/\/laolladechile.com\/farmacia\/#\/schema\/logo\/image\/\",\"url\":\"https:\/\/laolladechile.com\/farmacia\/wp-content\/uploads\/2024\/11\/logo-la-olla.jpg\",\"contentUrl\":\"https:\/\/laolladechile.com\/farmacia\/wp-content\/uploads\/2024\/11\/logo-la-olla.jpg\",\"width\":261,\"height\":62,\"caption\":\"La Olla de Chile Farmacia\"},\"image\":{\"@id\":\"https:\/\/laolladechile.com\/farmacia\/#\/schema\/logo\/image\/\"}}]}<\/script>\n<!-- \/ Yoast SEO plugin. -->","yoast_head_json":{"title":"Alfaman comprar pastillas de potencia en La Olla de Chile","robots":{"index":"index","follow":"follow","max-snippet":"max-snippet:-1","max-image-preview":"max-image-preview:large","max-video-preview":"max-video-preview:-1"},"canonical":"http:\/\/laolladechile.com\/farmacia\/alfaman","og_locale":"es_ES","og_type":"article","og_title":"Alfaman comprar pastillas de potencia en La Olla de Chile","og_description":"Alfaman pastillas es un complemento dise\u00f1ado para mejorar el rendimiento sexual masculino y aumentar la energ\u00eda. Gracias a su f\u00f3rmula innovadora, ayuda a los hombres a estar siempre preparados para brindar el m\u00e1ximo placer a su pareja.","og_url":"http:\/\/laolladechile.com\/farmacia\/alfaman","og_site_name":"La Olla de Chile Farmacia","og_image":[{"width":500,"height":307,"url":"http:\/\/laolladechile.com\/farmacia\/wp-content\/uploads\/2024\/11\/Alfaman.png","type":"image\/png"}],"twitter_card":"summary_large_image","twitter_misc":{"Tiempo de lectura":"4 minutos"},"schema":{"@context":"https:\/\/schema.org","@graph":[{"@type":"WebPage","@id":"http:\/\/laolladechile.com\/farmacia\/alfaman","url":"http:\/\/laolladechile.com\/farmacia\/alfaman","name":"Alfaman comprar pastillas de potencia en La Olla de Chile","isPartOf":{"@id":"https:\/\/laolladechile.com\/farmacia\/#website"},"primaryImageOfPage":{"@id":"http:\/\/laolladechile.com\/farmacia\/alfaman#primaryimage"},"image":{"@id":"http:\/\/laolladechile.com\/farmacia\/alfaman#primaryimage"},"thumbnailUrl":"https:\/\/laolladechile.com\/farmacia\/wp-content\/uploads\/2024\/11\/Alfaman.png","datePublished":"2024-11-13T13:04:27+00:00","dateModified":"2024-11-13T13:04:27+00:00","breadcrumb":{"@id":"http:\/\/laolladechile.com\/farmacia\/alfaman#breadcrumb"},"inLanguage":"es","potentialAction":[{"@type":"ReadAction","target":["http:\/\/laolladechile.com\/farmacia\/alfaman"]}]},{"@type":"ImageObject","inLanguage":"es","@id":"http:\/\/laolladechile.com\/farmacia\/alfaman#primaryimage","url":"https:\/\/laolladechile.com\/farmacia\/wp-content\/uploads\/2024\/11\/Alfaman.png","contentUrl":"https:\/\/laolladechile.com\/farmacia\/wp-content\/uploads\/2024\/11\/Alfaman.png","width":500,"height":307,"caption":"Alfaman"},{"@type":"BreadcrumbList","@id":"http:\/\/laolladechile.com\/farmacia\/alfaman#breadcrumb","itemListElement":[{"@type":"ListItem","position":1,"name":"Home","item":"https:\/\/laolladechile.com\/farmacia\/"},{"@type":"ListItem","position":2,"name":"Alfaman"}]},{"@type":"WebSite","@id":"https:\/\/laolladechile.com\/farmacia\/#website","url":"https:\/\/laolladechile.com\/farmacia\/","name":"La Olla de Chile Farmacia","description":"","publisher":{"@id":"https:\/\/laolladechile.com\/farmacia\/#organization"},"potentialAction":[{"@type":"SearchAction","target":{"@type":"EntryPoint","urlTemplate":"https:\/\/laolladechile.com\/farmacia\/?s={search_term_string}"},"query-input":{"@type":"PropertyValueSpecification","valueRequired":true,"valueName":"search_term_string"}}],"inLanguage":"es"},{"@type":"Organization","@id":"https:\/\/laolladechile.com\/farmacia\/#organization","name":"La Olla de Chile Farmacia","url":"https:\/\/laolladechile.com\/farmacia\/","logo":{"@type":"ImageObject","inLanguage":"es","@id":"https:\/\/laolladechile.com\/farmacia\/#\/schema\/logo\/image\/","url":"https:\/\/laolladechile.com\/farmacia\/wp-content\/uploads\/2024\/11\/logo-la-olla.jpg","contentUrl":"https:\/\/laolladechile.com\/farmacia\/wp-content\/uploads\/2024\/11\/logo-la-olla.jpg","width":261,"height":62,"caption":"La Olla de Chile Farmacia"},"image":{"@id":"https:\/\/laolladechile.com\/farmacia\/#\/schema\/logo\/image\/"}}]}},"_links":{"self":[{"href":"https:\/\/laolladechile.com\/farmacia\/index.php?rest_route=\/wp\/v2\/product\/149"}],"collection":[{"href":"https:\/\/laolladechile.com\/farmacia\/index.php?rest_route=\/wp\/v2\/product"}],"about":[{"href":"https:\/\/laolladechile.com\/farmacia\/index.php?rest_route=\/wp\/v2\/types\/product"}],"replies":[{"embeddable":true,"href":"https:\/\/laolladechile.com\/farmacia\/index.php?rest_route=%2Fwp%2Fv2%2Fcomments&post=149"}],"wp:featuredmedia":[{"embeddable":true,"href":"https:\/\/laolladechile.com\/farmacia\/index.php?rest_route=\/wp\/v2\/media\/150"}],"wp:attachment":[{"href":"https:\/\/laolladechile.com\/farmacia\/index.php?rest_route=%2Fwp%2Fv2%2Fmedia&parent=149"}],"wp:term":[{"taxonomy":"product_cat","embeddable":true,"href":"https:\/\/laolladechile.com\/farmacia\/index.php?rest_route=%2Fwp%2Fv2%2Fproduct_cat&post=149"},{"taxonomy":"product_tag","embeddable":true,"href":"https:\/\/laolladechile.com\/farmacia\/index.php?rest_route=%2Fwp%2Fv2%2Fproduct_tag&post=149"}],"curies":[{"name":"wp","href":"https:\/\/api.w.org\/{rel}","templated":true}]}}