{"id":158,"date":"2024-11-13T14:14:04","date_gmt":"2024-11-13T13:14:04","guid":{"rendered":"https:\/\/laolladechile.com\/farmacia\/?post_type=product&#038;p=158"},"modified":"2024-11-13T14:14:04","modified_gmt":"2024-11-13T13:14:04","slug":"idealica","status":"publish","type":"product","link":"http:\/\/laolladechile.com\/farmacia\/idealica","title":{"rendered":"Idealica"},"content":{"rendered":"<p>El sobrepeso es uno de los problemas m\u00e1s urgentes de nuestro tiempo. Muchos investigadores comparan el problema con una epidemia mundial: el n\u00famero de personas obesas en el mundo est\u00e1 creciendo inexorablemente. Cuando los kilos de m\u00e1s comienzan a causar malestar f\u00edsico y psicol\u00f3gico, se necesita una acci\u00f3n urgente. Un ligero exceso de peso corporal con el tiempo puede convertirse en obesidad. Al mismo tiempo, una capa gruesa de grasa se acumula debajo de la piel, las c\u00e9lulas grasas envuelven los \u00f3rganos internos y los vasos sangu\u00edneos. Con la preparaci\u00f3n natural Idealica Espana, para que sirve realmente puede detener el proceso patol\u00f3gico, restaurar la salud y la belleza.<\/p>\n<p><img loading=\"lazy\" decoding=\"async\" class=\"aligncenter size-full wp-image-162\" src=\"http:\/\/laolladechile.com\/farmacia\/wp-content\/uploads\/2024\/11\/Idealica-3.png\" alt=\"Idealica como se aplica\" width=\"500\" height=\"438\" srcset=\"https:\/\/laolladechile.com\/farmacia\/wp-content\/uploads\/2024\/11\/Idealica-3.png 500w, https:\/\/laolladechile.com\/farmacia\/wp-content\/uploads\/2024\/11\/Idealica-3-300x263.png 300w\" sizes=\"(max-width: 500px) 100vw, 500px\" \/><\/p>\n<p>La enfermedad cardiovascular es la principal complicaci\u00f3n de la obesidad. El riesgo de desarrollar aterosclerosis, hipertensi\u00f3n y accidente cerebrovascular aumenta significativamente. El metabolismo est\u00e1 alterado, lo que puede conducir a la aparici\u00f3n de diabetes mellitus. Inevitablemente, las articulaciones y la columna vertebral sufren y las funciones sexuales disminuyen. Los m\u00e9todos convencionales de p\u00e9rdida de peso son una combinaci\u00f3n de terapia diet\u00e9tica con mayores niveles de ejercicio. Fueron reemplazados por gotas crema Idealica Espana, que ayudan a deshacerse de los kilos de m\u00e1s de forma r\u00e1pida y sin esfuerzo.<\/p>\n<h2>Problema de sobrepeso<\/h2>\n<p>El sobrepeso y la obesidad no son solo cosm\u00e9ticos, sino tambi\u00e9n problemas m\u00e9dicos, que son las principales causas de comorbilidades, como la diabetes tipo 2, las enfermedades cardiovasculares y varios tipos de c\u00e1ncer.<\/p>\n<p>La obesidad suele ser el resultado de una combinaci\u00f3n de factores hereditarios con desnutrici\u00f3n y un estilo de vida sedentario.<\/p>\n<p>La buena noticia es que incluso una peque\u00f1a p\u00e9rdida de peso puede mejorar o prevenir los problemas de salud relacionados con la obesidad. Los cambios en la dieta, el aumento de la actividad f\u00edsica y los cambios de comportamiento pueden ayudar a normalizar el peso.<\/p>\n<p>Razones de aumento de peso<\/p>\n<p>Aunque los factores gen\u00e9ticos, conductuales, metab\u00f3licos y hormonales afectan el peso corporal, la obesidad ocurre cuando una persona consume m\u00e1s calor\u00edas de las que quema a trav\u00e9s del ejercicio y las actividades diarias normales. El cuerpo almacena estas calor\u00edas adicionales en forma de grasa. Las personas obesas necesitan m\u00e1s calor\u00edas antes de sentirse satisfechas.<\/p>\n<h2>Beneficios de las gotas crema Idealica<\/h2>\n<p>Idealica farmacia del ahorro es un potente producto quemagrasas que contiene solo ingredientes naturales. La f\u00f3rmula de la droga se ha desarrollado durante varios a\u00f1os. Al mismo tiempo, los desarrolladores tuvieron en cuenta todos los factores posibles que afectan la acumulaci\u00f3n y p\u00e9rdida de exceso de peso.<\/p>\n<p>La principal diferencia entre el personal de Idealica como se usa el\u00a0 para la p\u00e9rdida de peso y los an\u00e1logos es un enfoque individual para cada cliente. Al realizar un pedido, debe indicar sus datos personales: edad, peso, altura, nivel de actividad. Teniendo en cuenta la informaci\u00f3n recibida, se prepara una soluci\u00f3n de la concentraci\u00f3n requerida. La composici\u00f3n de las gotas permanece sin cambios, solo var\u00eda el contenido cuantitativo de los componentes. Gracias a un procesamiento tecnol\u00f3gico especial, se conservan el 100% de las propiedades beneficiosas de cada ingrediente. Las ventajas no menos significativas del producto son:<\/p>\n<ul>\n<li aria-level=\"1\">alto grado de seguridad;<\/li>\n<li aria-level=\"1\">falta de efectos secundarios;<\/li>\n<li aria-level=\"1\">aplicaci\u00f3n conveniente;<\/li>\n<li aria-level=\"1\">la capacidad de mantener el estilo de vida habitual;<\/li>\n<li aria-level=\"1\">compatibilidad total con medicamentos y procedimientos m\u00e9dicos;<\/li>\n<li aria-level=\"1\">costo aceptable.<\/li>\n<\/ul>\n<h2>Pros y contras de las gotas crema Idealica (es bueno o malo)<\/h2>\n<p><img loading=\"lazy\" decoding=\"async\" class=\"aligncenter size-full wp-image-161\" src=\"http:\/\/laolladechile.com\/farmacia\/wp-content\/uploads\/2024\/11\/Idealica-2.png\" alt=\"Idealica como se usa el\" width=\"500\" height=\"402\" srcset=\"https:\/\/laolladechile.com\/farmacia\/wp-content\/uploads\/2024\/11\/Idealica-2.png 500w, https:\/\/laolladechile.com\/farmacia\/wp-content\/uploads\/2024\/11\/Idealica-2-300x241.png 300w\" sizes=\"(max-width: 500px) 100vw, 500px\" \/><\/p>\n<p>Lados positivos:<\/p>\n<ul>\n<li aria-level=\"1\">Ingredientes naturales: son absolutamente inofensivos y no da\u00f1an la salud.<\/li>\n<li aria-level=\"1\">Sin contraindicaciones debido a la composici\u00f3n a base de hierbas y al hecho de que cada elemento se selecciona por separado. El riesgo de una reacci\u00f3n al\u00e9rgica es m\u00ednimo.<\/li>\n<\/ul>\n<p>Lados negativos (efectos secundarios):<\/p>\n<ul>\n<li aria-level=\"1\">En muchas de las plantas que componen la composici\u00f3n, solo algunas partes son \u00fatiles. Por ejemplo, el cactus Hoodia tiene 20 variedades, pero solo una es adecuada para adelgazar. No sabemos qu\u00e9 fabricante agreg\u00f3 a la botella.<\/li>\n<li aria-level=\"1\">Concentraci\u00f3n baja, volumen del paquete solo 10 ml. Por tanto, unas gotas contienen un m\u00ednimo de nutrientes.<\/li>\n<\/ul>\n<h2>C\u00f3mo funcionan las gotas Idealica<\/h2>\n<p>Los ensayos cl\u00ednicos y grupales de crema Idealica resultados reales han revelado tres efectos fundamentales en el cuerpo:<\/p>\n<ol>\n<li aria-level=\"1\">Los ingredientes controlan el apetito. La sensaci\u00f3n de hambre disminuye durante el tratamiento. Esto se ve facilitado por los aceites esenciales que afectan la funci\u00f3n g\u00e1strica. Las personas que son propensas a \u00absufrir problemas\u00bb con grandes cantidades de alimentos dejan de experimentar estr\u00e9s. El control total del apetito va acompa\u00f1ado de procesos metab\u00f3licos depurativos. Una persona se acostumbra a una ingesta racional de alimentos.<\/li>\n<li aria-level=\"1\">Los elementos constitutivos otorgan juventud y salud. La estructura simbi\u00f3tica del producto se complementa con el componente forskolina. El ingrediente ayuda a limpiar el sistema circulatorio. El resultado de esta influencia es una mejora del bienestar. El proceso de envejecimiento se ralentiza en el cuerpo.<\/li>\n<li aria-level=\"1\">Los ingredientes ayudan a mejorar el bienestar f\u00edsico. Los nutricionistas han apreciado la calidad del nuevo producto. Como resultado de la duraci\u00f3n del curso del uso del f\u00e1rmaco, se estabiliza la funcionalidad cardiovascular. El sistema nervioso se calma. El cuerpo se acostumbra a la sensaci\u00f3n de lesuavidad y actividad. Cada d\u00eda da una afluencia de buen humor.<\/li>\n<\/ol>\n<p>El fabricante de los productos informa al comprador sobre la reducci\u00f3n de los siguientes riesgos:<\/p>\n<ul>\n<li aria-level=\"1\">la f\u00f3rmula natural ayudar\u00e1 a prevenir la fragilidad de los vasos sangu\u00edneos debido a la vejez;<\/li>\n<li aria-level=\"1\">el cuerpo se protege de las dolencias del coraz\u00f3n;<\/li>\n<li aria-level=\"1\">la persona dejar\u00e1 de sufrir dificultad para respirar;<\/li>\n<li aria-level=\"1\">no habr\u00e1 requisitos previos para el desarrollo de diabetes en el cuerpo.<\/li>\n<\/ul>\n<h2>Instrucciones de uso de gotas Idealica medicamento opiniones<\/h2>\n<p>El personal delgado es un medicamento para adelgazar eficaz y absolutamente seguro. M\u00e1s de 30 de sus componentes naturales descomponen la grasa sin dolor, suprimen el apetito y mejoran el bienestar general. Con el debido cumplimiento de las instrucciones durante un mes, puede deshacerse de 5 a 14 kg de exceso de peso. El resultado depende del \u00edndice de masa corporal y las caracter\u00edsticas de la figura. El producto \u00fanico proporciona un efecto duradero, que dura al menos varios meses. La ausencia de contraindicaciones y reacciones secundarias distingue las gotas naturales entre todos los quemagrasas conocidos.<\/p>\n<p>De acuerdo con las instrucciones adjuntas a cada paquete de como se aplica Idealica confiable, 10 gotas son suficientes para una dosis. Disolver en agua o bebida sin az\u00facar y beber 30 minutos antes de las comidas. Es \u00f3ptimo hacerlo por la ma\u00f1ana y por la noche, pero a m\u00e1s tardar 4 horas antes de acostarse. La duraci\u00f3n del curso depende de la velocidad para lograr el resultado deseado. El plazo puede variar de 1 a 3 meses.<\/p>\n<p>Idealica funciona no est\u00e1 dise\u00f1ado para un uso de por vida, ya que forma un resultado estable. En cada caso, hay una p\u00e9rdida irreversible de kilos de m\u00e1s. Si despu\u00e9s de unos meses o a\u00f1os se vuelve a ganar peso, se recomienda retomar el curso terap\u00e9utico. El concentrado se puede combinar con cualquier medicamento. No hay instrucciones especiales para esto.<\/p>\n<h2>Composici\u00f3n y componentes principales de las gotas Idealica walmart<\/h2>\n<p><img loading=\"lazy\" decoding=\"async\" class=\"aligncenter size-full wp-image-160\" src=\"http:\/\/laolladechile.com\/farmacia\/wp-content\/uploads\/2024\/11\/Idealica-1.png\" alt=\"Idealica es bueno o malo\" width=\"500\" height=\"278\" srcset=\"https:\/\/laolladechile.com\/farmacia\/wp-content\/uploads\/2024\/11\/Idealica-1.png 500w, https:\/\/laolladechile.com\/farmacia\/wp-content\/uploads\/2024\/11\/Idealica-1-300x167.png 300w\" sizes=\"(max-width: 500px) 100vw, 500px\" \/><\/p>\n<p>Al comprar medicamentos en Internet, siempre estudie cuidadosamente la composici\u00f3n. Idealica farmacias incluye precio farmacia similares solo ingredientes a base de hierbas precio farmacia del ahorro. Sin embargo, recuerde que incluso los ingredientes totalmente naturales pueden tener efectos secundarios o provocar una reacci\u00f3n al\u00e9rgica en una persona en particular. Por lo tanto, tome en serio la composici\u00f3n de cualquier medicamento que desee tomar.<\/p>\n<p>Analizaremos varios ingredientes en detalle, ya que se pueden encontrar en otros productos para adelgazar.<\/p>\n<p>Ulwa<\/p>\n<p>Variedad de algas verdes comestibles. Esta planta tiene varias ventajas:<\/p>\n<ul>\n<li aria-level=\"1\">Bajo contenido cal\u00f3rico: solo 25 kcal por 100 g.<\/li>\n<li aria-level=\"1\">Las algas satisfacen perfectamente la sensaci\u00f3n de hambre, saturando el cuerpo de energ\u00eda.<\/li>\n<li aria-level=\"1\">La composici\u00f3n contiene una gran cantidad de macronutrientes, as\u00ed como prote\u00ednas.<\/li>\n<li aria-level=\"1\">El componente es rico en \u00e1cido asc\u00f3rbico o vitamina C, adem\u00e1s de esto, tambi\u00e9n est\u00e1n presentes las vitaminas B.<\/li>\n<li aria-level=\"1\">Tiene un efecto sobre la p\u00e9rdida de peso.<\/li>\n<li aria-level=\"1\">Ayuda a mejorar los procesos metab\u00f3licos del cuerpo.<\/li>\n<\/ul>\n<p>Cactus Hoodia Gordoni<\/p>\n<p>La planta atrajo especial atenci\u00f3n sobre s\u00ed misma por varias razones:<\/p>\n<ul>\n<li aria-level=\"1\">el cactus puede reducir el apetito y el deseo de comer en exceso;<\/li>\n<li aria-level=\"1\">se satura r\u00e1pidamente;<\/li>\n<li aria-level=\"1\">normaliza el proceso metab\u00f3lico en el cuerpo.<\/li>\n<\/ul>\n<p>Mangost\u00e1n<\/p>\n<p>Es una fruta ex\u00f3tica que crece en pa\u00edses tropicales. Es muy \u00fatil porque contiene:<\/p>\n<ul>\n<li aria-level=\"1\">vitaminas C, A, B, D;<\/li>\n<li aria-level=\"1\">hierro, calcio, potasio y f\u00f3sforo.<\/li>\n<li aria-level=\"1\">Adem\u00e1s, el mangost\u00e1n:<\/li>\n<li aria-level=\"1\">capaz de mejorar el trabajo de los intestinos;<\/li>\n<li aria-level=\"1\">mejora los procesos metab\u00f3licos, por lo que comienza la p\u00e9rdida de peso;<\/li>\n<li aria-level=\"1\">ayuda a controlar el apetito.<\/li>\n<\/ul>\n<p>Garcinia cambogia<\/p>\n<p>Esto es porque:<\/p>\n<ul>\n<li aria-level=\"1\">Contiene \u00e1cido hidroxic\u00edtrico, que aumenta la tasa de oxidaci\u00f3n de grasas.<\/li>\n<li aria-level=\"1\">Esta fruta es capaz de activar procesos metab\u00f3licos.<\/li>\n<li aria-level=\"1\">La garcinia descompone la grasa y le ayuda a perder peso.<\/li>\n<li aria-level=\"1\">La fruta reduce el apetito ayudando a controlarlo.<\/li>\n<li aria-level=\"1\">Tambi\u00e9n desalienta los antojos de az\u00facar.<\/li>\n<li aria-level=\"1\">Ralentiza la formaci\u00f3n de c\u00e9lulas grasas.<\/li>\n<\/ul>\n<p>Coleo<\/p>\n<p>Las ventajas del componente son que:<\/p>\n<ul>\n<li aria-level=\"1\">participa activamente en la descomposici\u00f3n de grasas;<\/li>\n<li aria-level=\"1\">ayuda a estimular la s\u00edntesis de prote\u00ednas;<\/li>\n<li aria-level=\"1\">reduce el peso.<\/li>\n<\/ul>\n<h2>Opiniones de compradores de gotas Idealica. Precio Espana<\/h2>\n<blockquote><p><b>Suzenita<\/b><\/p>\n<p>Comenc\u00e9 a buscar ayuda adicional para perder peso, ya que el peso casi no disminu\u00eda, aunque estaba a dieta. Para bajar de peso eleg\u00ed Idealica. Me sorprendi\u00f3 que la composici\u00f3n sea individual para todos. Para empezar, lleg\u00f3 un paquete extra\u00f1o, no hab\u00eda ning\u00fan c\u00f3digo de barras, no hab\u00eda instrucciones. Estaba en guardia, pero me arriesgu\u00e9 a intentar beber. Despu\u00e9s de una semana, no hubo resultados. Parece que tengo una falsificaci\u00f3n.<\/p><\/blockquote>\n<p>&nbsp;<\/p>\n<blockquote><p><strong>Fidelia<\/strong><\/p>\n<p>Estaba buscando un medicamento que elimine la molesta grasa abdominal. Encontr\u00e9 un anuncio en Internet sobre Idealica donde lo puedo conseguir. Le\u00ed las cr\u00edticas sobre el producto y fueron positivas. Pero al final, adquir\u00ed accidentalmente una falsificaci\u00f3n, lo que no ayud\u00f3 de ninguna manera. Ped\u00ed una botella, pero despu\u00e9s de darme cuenta de que me enga\u00f1aron, decid\u00ed averiguarlo todo en Internet. Result\u00f3 que el original cuesta 2 veces m\u00e1s, y yo, habiendo ahorrado en gotas, solo estaba perdido.<\/p><\/blockquote>\n<p>&nbsp;<\/p>\n<blockquote><p><b>Edelmir<\/b><\/p>\n<p>Cuando di a luz a mi tercer hijo a la edad de 40 a\u00f1os y comenc\u00e9 a ganar peso r\u00e1pidamente, \u00a1fue un gran estr\u00e9s para m\u00ed! Como resultado, en unos a\u00f1os gan\u00e9 20 kilogramos. \u00a1Solo una pesadilla! Estaba dispuesto a hacer cualquier cosa para deshacerme de ellos. Encontr\u00e9 un anuncio de Idealica donde comprar. no pensando durante mucho tiempo, lo compr\u00e9 precio. Lo tom\u00e9 durante 2 meses y durante este tiempo perd\u00ed 10 kilos. Estoy muy feliz y ahora seguir\u00e9 ejercitando mi figura a trav\u00e9s de la dieta y el deporte. Pero a\u00fan as\u00ed, not\u00e9 las desventajas. En primer lugar, la composici\u00f3n me confunde un poco. No conozco algunos de estos ingredientes, por lo que no puedo decir si son tan inofensivos como dice el fabricante. En segundo lugar, no not\u00e9 los cambios en la forma de mejorar la estructura del cabello y las u\u00f1as, prometidos por el vendedor. Pero ten\u00eda tantas ganas de perder peso que esto era lo m\u00e1s importante.<\/p><\/blockquote>\n<p>&nbsp;<\/p>\n<blockquote><p><b>Estela<\/b><\/p>\n<p>Hace un a\u00f1o me convert\u00ed en madre, pero los kilos de m\u00e1s vinieron con esta alegr\u00eda. Me cuesta bajar de peso. Por lo tanto, encontr\u00e9 Idealica precio en Internet, casi no hubo comentarios negativos al respecto y realic\u00e9 una compra. Despu\u00e9s de las dos primeras semanas comenc\u00e9 a adelgazar, la balanza mostr\u00f3 que me deshice de 3 kg. Tal resultado me agrad\u00f3, ni siquiera pens\u00e9 que estas gotas pudieran ayudar.<\/p><\/blockquote>\n<h2>D\u00f3nde comprar la droga Idealica? Donde lo venden?<\/h2>\n<p>Pedir al personal de Idealica donde lo venden en el sitio web oficial tiene claras ventajas sobre ir a la farmacia:<\/p>\n<ul>\n<li aria-level=\"1\">garant\u00eda de alta calidad;<\/li>\n<li aria-level=\"1\">gran servicio;<\/li>\n<li aria-level=\"1\">la oportunidad de comprar un producto a un precio con descuento durante la promoci\u00f3n;<\/li>\n<li aria-level=\"1\">comunicaci\u00f3n las 24 horas con los operadores;<\/li>\n<li aria-level=\"1\">acceso abierto a los resultados de la investigaci\u00f3n.<\/li>\n<\/ul>\n<p>Los estafadores a menudo falsifican Idealica para bajar de peso y distribuyen gotas a trav\u00e9s de recursos cuestionables. Desafortunadamente, su negocio est\u00e1 en auge debido a la gran demanda de la droga. Los compradores prestan atenci\u00f3n a las condiciones m\u00e1s favorables, sin sospechar enga\u00f1os. Para evitar perder dinero o comprar un producto de baja calidad, debe realizar un pedido solo en el sitio web oficial.<\/p>\n","protected":false},"excerpt":{"rendered":"<p>Idealica es un suplemento natural dise\u00f1ado para combatir eficazmente el exceso de peso y mejorar la salud en general. Gracias a su f\u00f3rmula \u00fanica, ayuda a eliminar el exceso de grasa corporal de forma r\u00e1pida y sin esfuerzo.<\/p>\n","protected":false},"featured_media":159,"comment_status":"open","ping_status":"closed","template":"","meta":[],"product_cat":[15],"product_tag":[],"yoast_head":"<!-- This site is optimized with the Yoast SEO plugin v23.8 - https:\/\/yoast.com\/wordpress\/plugins\/seo\/ -->\n<title>Idealica comprar gotas adelgazantes en La Olla de Chile<\/title>\n<meta name=\"robots\" content=\"index, follow, max-snippet:-1, max-image-preview:large, max-video-preview:-1\" \/>\n<link rel=\"canonical\" href=\"http:\/\/laolladechile.com\/farmacia\/idealica\" \/>\n<meta property=\"og:locale\" content=\"es_ES\" \/>\n<meta property=\"og:type\" content=\"article\" \/>\n<meta property=\"og:title\" content=\"Idealica comprar gotas adelgazantes en La Olla de Chile\" \/>\n<meta property=\"og:description\" content=\"Idealica es un suplemento natural dise\u00f1ado para combatir eficazmente el exceso de peso y mejorar la salud en general. Gracias a su f\u00f3rmula \u00fanica, ayuda a eliminar el exceso de grasa corporal de forma r\u00e1pida y sin esfuerzo.\" \/>\n<meta property=\"og:url\" content=\"http:\/\/laolladechile.com\/farmacia\/idealica\" \/>\n<meta property=\"og:site_name\" content=\"La Olla de Chile Farmacia\" \/>\n<meta property=\"og:image\" content=\"http:\/\/laolladechile.com\/farmacia\/wp-content\/uploads\/2024\/11\/Idealica.png\" \/>\n\t<meta property=\"og:image:width\" content=\"213\" \/>\n\t<meta property=\"og:image:height\" content=\"350\" \/>\n\t<meta property=\"og:image:type\" content=\"image\/png\" \/>\n<meta name=\"twitter:card\" content=\"summary_large_image\" \/>\n<meta name=\"twitter:label1\" content=\"Tiempo de lectura\" \/>\n\t<meta name=\"twitter:data1\" content=\"8 minutos\" \/>\n<script type=\"application\/ld+json\" class=\"yoast-schema-graph\">{\"@context\":\"https:\/\/schema.org\",\"@graph\":[{\"@type\":\"WebPage\",\"@id\":\"http:\/\/laolladechile.com\/farmacia\/idealica\",\"url\":\"http:\/\/laolladechile.com\/farmacia\/idealica\",\"name\":\"Idealica comprar gotas adelgazantes en La Olla de Chile\",\"isPartOf\":{\"@id\":\"https:\/\/laolladechile.com\/farmacia\/#website\"},\"primaryImageOfPage\":{\"@id\":\"http:\/\/laolladechile.com\/farmacia\/idealica#primaryimage\"},\"image\":{\"@id\":\"http:\/\/laolladechile.com\/farmacia\/idealica#primaryimage\"},\"thumbnailUrl\":\"https:\/\/laolladechile.com\/farmacia\/wp-content\/uploads\/2024\/11\/Idealica.png\",\"datePublished\":\"2024-11-13T13:14:04+00:00\",\"dateModified\":\"2024-11-13T13:14:04+00:00\",\"breadcrumb\":{\"@id\":\"http:\/\/laolladechile.com\/farmacia\/idealica#breadcrumb\"},\"inLanguage\":\"es\",\"potentialAction\":[{\"@type\":\"ReadAction\",\"target\":[\"http:\/\/laolladechile.com\/farmacia\/idealica\"]}]},{\"@type\":\"ImageObject\",\"inLanguage\":\"es\",\"@id\":\"http:\/\/laolladechile.com\/farmacia\/idealica#primaryimage\",\"url\":\"https:\/\/laolladechile.com\/farmacia\/wp-content\/uploads\/2024\/11\/Idealica.png\",\"contentUrl\":\"https:\/\/laolladechile.com\/farmacia\/wp-content\/uploads\/2024\/11\/Idealica.png\",\"width\":213,\"height\":350,\"caption\":\"Idealica\"},{\"@type\":\"BreadcrumbList\",\"@id\":\"http:\/\/laolladechile.com\/farmacia\/idealica#breadcrumb\",\"itemListElement\":[{\"@type\":\"ListItem\",\"position\":1,\"name\":\"Home\",\"item\":\"https:\/\/laolladechile.com\/farmacia\/\"},{\"@type\":\"ListItem\",\"position\":2,\"name\":\"Idealica\"}]},{\"@type\":\"WebSite\",\"@id\":\"https:\/\/laolladechile.com\/farmacia\/#website\",\"url\":\"https:\/\/laolladechile.com\/farmacia\/\",\"name\":\"La Olla de Chile Farmacia\",\"description\":\"\",\"publisher\":{\"@id\":\"https:\/\/laolladechile.com\/farmacia\/#organization\"},\"potentialAction\":[{\"@type\":\"SearchAction\",\"target\":{\"@type\":\"EntryPoint\",\"urlTemplate\":\"https:\/\/laolladechile.com\/farmacia\/?s={search_term_string}\"},\"query-input\":{\"@type\":\"PropertyValueSpecification\",\"valueRequired\":true,\"valueName\":\"search_term_string\"}}],\"inLanguage\":\"es\"},{\"@type\":\"Organization\",\"@id\":\"https:\/\/laolladechile.com\/farmacia\/#organization\",\"name\":\"La Olla de Chile Farmacia\",\"url\":\"https:\/\/laolladechile.com\/farmacia\/\",\"logo\":{\"@type\":\"ImageObject\",\"inLanguage\":\"es\",\"@id\":\"https:\/\/laolladechile.com\/farmacia\/#\/schema\/logo\/image\/\",\"url\":\"https:\/\/laolladechile.com\/farmacia\/wp-content\/uploads\/2024\/11\/logo-la-olla.jpg\",\"contentUrl\":\"https:\/\/laolladechile.com\/farmacia\/wp-content\/uploads\/2024\/11\/logo-la-olla.jpg\",\"width\":261,\"height\":62,\"caption\":\"La Olla de Chile Farmacia\"},\"image\":{\"@id\":\"https:\/\/laolladechile.com\/farmacia\/#\/schema\/logo\/image\/\"}}]}<\/script>\n<!-- \/ Yoast SEO plugin. -->","yoast_head_json":{"title":"Idealica comprar gotas adelgazantes en La Olla de Chile","robots":{"index":"index","follow":"follow","max-snippet":"max-snippet:-1","max-image-preview":"max-image-preview:large","max-video-preview":"max-video-preview:-1"},"canonical":"http:\/\/laolladechile.com\/farmacia\/idealica","og_locale":"es_ES","og_type":"article","og_title":"Idealica comprar gotas adelgazantes en La Olla de Chile","og_description":"Idealica es un suplemento natural dise\u00f1ado para combatir eficazmente el exceso de peso y mejorar la salud en general. Gracias a su f\u00f3rmula \u00fanica, ayuda a eliminar el exceso de grasa corporal de forma r\u00e1pida y sin esfuerzo.","og_url":"http:\/\/laolladechile.com\/farmacia\/idealica","og_site_name":"La Olla de Chile Farmacia","og_image":[{"width":213,"height":350,"url":"http:\/\/laolladechile.com\/farmacia\/wp-content\/uploads\/2024\/11\/Idealica.png","type":"image\/png"}],"twitter_card":"summary_large_image","twitter_misc":{"Tiempo de lectura":"8 minutos"},"schema":{"@context":"https:\/\/schema.org","@graph":[{"@type":"WebPage","@id":"http:\/\/laolladechile.com\/farmacia\/idealica","url":"http:\/\/laolladechile.com\/farmacia\/idealica","name":"Idealica comprar gotas adelgazantes en La Olla de Chile","isPartOf":{"@id":"https:\/\/laolladechile.com\/farmacia\/#website"},"primaryImageOfPage":{"@id":"http:\/\/laolladechile.com\/farmacia\/idealica#primaryimage"},"image":{"@id":"http:\/\/laolladechile.com\/farmacia\/idealica#primaryimage"},"thumbnailUrl":"https:\/\/laolladechile.com\/farmacia\/wp-content\/uploads\/2024\/11\/Idealica.png","datePublished":"2024-11-13T13:14:04+00:00","dateModified":"2024-11-13T13:14:04+00:00","breadcrumb":{"@id":"http:\/\/laolladechile.com\/farmacia\/idealica#breadcrumb"},"inLanguage":"es","potentialAction":[{"@type":"ReadAction","target":["http:\/\/laolladechile.com\/farmacia\/idealica"]}]},{"@type":"ImageObject","inLanguage":"es","@id":"http:\/\/laolladechile.com\/farmacia\/idealica#primaryimage","url":"https:\/\/laolladechile.com\/farmacia\/wp-content\/uploads\/2024\/11\/Idealica.png","contentUrl":"https:\/\/laolladechile.com\/farmacia\/wp-content\/uploads\/2024\/11\/Idealica.png","width":213,"height":350,"caption":"Idealica"},{"@type":"BreadcrumbList","@id":"http:\/\/laolladechile.com\/farmacia\/idealica#breadcrumb","itemListElement":[{"@type":"ListItem","position":1,"name":"Home","item":"https:\/\/laolladechile.com\/farmacia\/"},{"@type":"ListItem","position":2,"name":"Idealica"}]},{"@type":"WebSite","@id":"https:\/\/laolladechile.com\/farmacia\/#website","url":"https:\/\/laolladechile.com\/farmacia\/","name":"La Olla de Chile Farmacia","description":"","publisher":{"@id":"https:\/\/laolladechile.com\/farmacia\/#organization"},"potentialAction":[{"@type":"SearchAction","target":{"@type":"EntryPoint","urlTemplate":"https:\/\/laolladechile.com\/farmacia\/?s={search_term_string}"},"query-input":{"@type":"PropertyValueSpecification","valueRequired":true,"valueName":"search_term_string"}}],"inLanguage":"es"},{"@type":"Organization","@id":"https:\/\/laolladechile.com\/farmacia\/#organization","name":"La Olla de Chile Farmacia","url":"https:\/\/laolladechile.com\/farmacia\/","logo":{"@type":"ImageObject","inLanguage":"es","@id":"https:\/\/laolladechile.com\/farmacia\/#\/schema\/logo\/image\/","url":"https:\/\/laolladechile.com\/farmacia\/wp-content\/uploads\/2024\/11\/logo-la-olla.jpg","contentUrl":"https:\/\/laolladechile.com\/farmacia\/wp-content\/uploads\/2024\/11\/logo-la-olla.jpg","width":261,"height":62,"caption":"La Olla de Chile Farmacia"},"image":{"@id":"https:\/\/laolladechile.com\/farmacia\/#\/schema\/logo\/image\/"}}]}},"_links":{"self":[{"href":"https:\/\/laolladechile.com\/farmacia\/index.php?rest_route=\/wp\/v2\/product\/158"}],"collection":[{"href":"https:\/\/laolladechile.com\/farmacia\/index.php?rest_route=\/wp\/v2\/product"}],"about":[{"href":"https:\/\/laolladechile.com\/farmacia\/index.php?rest_route=\/wp\/v2\/types\/product"}],"replies":[{"embeddable":true,"href":"https:\/\/laolladechile.com\/farmacia\/index.php?rest_route=%2Fwp%2Fv2%2Fcomments&post=158"}],"wp:featuredmedia":[{"embeddable":true,"href":"https:\/\/laolladechile.com\/farmacia\/index.php?rest_route=\/wp\/v2\/media\/159"}],"wp:attachment":[{"href":"https:\/\/laolladechile.com\/farmacia\/index.php?rest_route=%2Fwp%2Fv2%2Fmedia&parent=158"}],"wp:term":[{"taxonomy":"product_cat","embeddable":true,"href":"https:\/\/laolladechile.com\/farmacia\/index.php?rest_route=%2Fwp%2Fv2%2Fproduct_cat&post=158"},{"taxonomy":"product_tag","embeddable":true,"href":"https:\/\/laolladechile.com\/farmacia\/index.php?rest_route=%2Fwp%2Fv2%2Fproduct_tag&post=158"}],"curies":[{"name":"wp","href":"https:\/\/api.w.org\/{rel}","templated":true}]}}