{"id":288,"date":"2024-11-15T10:36:37","date_gmt":"2024-11-15T09:36:37","guid":{"rendered":"https:\/\/laolladechile.com\/farmacia\/?post_type=product&#038;p=288"},"modified":"2024-11-15T10:36:37","modified_gmt":"2024-11-15T09:36:37","slug":"duston-gel","status":"publish","type":"product","link":"http:\/\/laolladechile.com\/farmacia\/duston-gel","title":{"rendered":"Duston Gel"},"content":{"rendered":"<p><span style=\"font-weight: 400;\">Las articulaciones sanas son siempre garant\u00eda de un estilo de vida m\u00f3vil y un bienestar ideal. Y si se observan incluso los m\u00e1s m\u00ednimos signos del desarrollo de un problema en su cuerpo, entonces debe saber que un producto innovador, Duston Gel M\u00e9xico, puede brindar asistencia inmediata. Este es un milagro verdaderamente natural que se carga con la arteria efectos secundarios aceitera de la tierra, ayudando a eliminar cualquier dolor en las articulaciones sin interrumpir la actividad de otros sistemas.<\/span><\/p>\n<p><img loading=\"lazy\" decoding=\"async\" class=\"aligncenter size-full wp-image-292\" src=\"http:\/\/laolladechile.com\/farmacia\/wp-content\/uploads\/2024\/11\/Duston-Gel-3.png\" alt=\"Duston Gel para que sirve\" width=\"500\" height=\"449\" srcset=\"https:\/\/laolladechile.com\/farmacia\/wp-content\/uploads\/2024\/11\/Duston-Gel-3.png 500w, https:\/\/laolladechile.com\/farmacia\/wp-content\/uploads\/2024\/11\/Duston-Gel-3-300x269.png 300w\" sizes=\"(max-width: 500px) 100vw, 500px\" \/><\/p>\n<p><span style=\"font-weight: 400;\">La principal ventaja del medicamento es que su eficacia ha sido cl\u00ednicamente probada, demostrando cada vez que es ciertamente posible hacer frente a dolencias como la artrosis y la artritis.<\/span><\/p>\n<h2><b>Problema articular<\/b><\/h2>\n<p><span style=\"font-weight: 400;\">En primer lugar, la exacerbaci\u00f3n de la inflamaci\u00f3n de las articulaciones, la llamada en medicina como artritis. Despu\u00e9s de la inflamaci\u00f3n del cart\u00edlago, se produce su destrucci\u00f3n gradual y, como resultado, es necesario el tratamiento oportuno de la artrosis. Si no se trata de manera oportuna, el cart\u00edlago se destruye por completo y se produce una fricci\u00f3n con la base del hueso, lo que en el futuro conduce a la discapacidad. Pueden producirse efectos irreversibles incluso en cuesti\u00f3n de horas si se ignoran los primeros s\u00edntomas. Varias infecciones y bacterias pueden afectar los tejidos de las articulaciones, sin embargo, existen las mayores posibilidades seg\u00fan la edad:<\/span><\/p>\n<ul>\n<li style=\"font-weight: 400;\" aria-level=\"1\"><span style=\"font-weight: 400;\">en los ni\u00f1os, se detectan con mayor frecuencia estafilococos, estreptococos y una bacteria llamada bacilo gramnegativo;<\/span><\/li>\n<li style=\"font-weight: 400;\" aria-level=\"1\"><span style=\"font-weight: 400;\">Las articulaciones de los adultos se ven afectadas principalmente por los mismos estreptococos, estafilococos y bacterias gonococos.<\/span><\/li>\n<\/ul>\n<p><span style=\"font-weight: 400;\">Existen infecciones que pueden tener un efecto perjudicial sobre los tejidos de nuestras articulaciones. Hay muchos factores en el desarrollo de enfermedades peligrosas.<\/span><\/p>\n<p><span style=\"font-weight: 400;\">A pesar de todos los problemas, existen m\u00e9todos que pueden ayudar a restaurar las articulaciones doloridas:<\/span><\/p>\n<ul>\n<li style=\"font-weight: 400;\" aria-level=\"1\"><span style=\"font-weight: 400;\">lucha contra un estilo de vida sedentario, introduce gradualmente la actividad f\u00edsica en tu vida. Puede comenzar caminando (15 minutos para comenzar), puede aumentar gradualmente el tiempo;<\/span><\/li>\n<li style=\"font-weight: 400;\" aria-level=\"1\"><span style=\"font-weight: 400;\">no se olvide del contenido de agua requerido en su cuerpo. Si le resulta dif\u00edcil controlar usted mismo la ingesta de l\u00edquidos, establezca un recordatorio, esto es necesario para usted;<\/span><\/li>\n<li style=\"font-weight: 400;\" aria-level=\"1\"><span style=\"font-weight: 400;\">cuide su peso, trabaje para restaurar el metabolismo. Si no puede hacerlo usted mismo, utilice los programas desarrollados por especialistas;<\/span><\/li>\n<li style=\"font-weight: 400;\" aria-level=\"1\"><span style=\"font-weight: 400;\">Observa todas las sensaciones dolorosas en tus articulaciones. Consulte a un especialista y \u00e9l lo ayudar\u00e1 a rastrear los v\u00ednculos entre sus afecciones m\u00e9dicas y su afecci\u00f3n actual.<\/span><\/li>\n<\/ul>\n<h2><b>Beneficios del gel articular Duston Gel es bueno o malo<\/b><\/h2>\n<p><span style=\"font-weight: 400;\">La salud articular es garant\u00eda de un estilo de vida activo y un gran bienestar. Despu\u00e9s de haber descubierto incluso los signos m\u00ednimos de un problema, debe prepararse para una asistencia r\u00e1pida en forma de un producto completamente nuevo en el mercado: Duston Gel mx para que sirve. Un milagro natural que saca fuerza de la arteria aceitosa de la tierra, el remedio elimina cualquier tipo de dolor en las articulaciones, sin afectar el funcionamiento de otros sistemas.<\/span><\/p>\n<p><span style=\"font-weight: 400;\">Despu\u00e9s de comprar el producto, dentro de varias aplicaciones, el cliente evaluar\u00e1 de forma independiente las propiedades curativas del gel, que:<\/span><\/p>\n<ul>\n<li style=\"font-weight: 400;\" aria-level=\"1\"><span style=\"font-weight: 400;\">le permite deshacerse instant\u00e1neamente de los s\u00edndromes de dolor y la hinchaz\u00f3n;<\/span><\/li>\n<li style=\"font-weight: 400;\" aria-level=\"1\"><span style=\"font-weight: 400;\">elimina el enrojecimiento y la inflamaci\u00f3n en las articulaciones;<\/span><\/li>\n<li style=\"font-weight: 400;\" aria-level=\"1\"><span style=\"font-weight: 400;\">se ocupa de la regeneraci\u00f3n de las capas da\u00f1adas de tejido cartilaginoso, dando a las piernas la actividad de movimiento;<\/span><\/li>\n<li style=\"font-weight: 400;\" aria-level=\"1\"><span style=\"font-weight: 400;\">ayuda a normalizar la circulaci\u00f3n sangu\u00ednea;<\/span><\/li>\n<li style=\"font-weight: 400;\" aria-level=\"1\"><span style=\"font-weight: 400;\">nutre las \u00e1reas afectadas con compuestos minerales necesarios para el trabajo bien coordinado de las articulaciones;<\/span><\/li>\n<li style=\"font-weight: 400;\" aria-level=\"1\"><span style=\"font-weight: 400;\">previene la deposici\u00f3n de sales;<\/span><\/li>\n<li style=\"font-weight: 400;\" aria-level=\"1\"><span style=\"font-weight: 400;\">garantiza la durabilidad del resultado una vez finalizado el tratamiento.<\/span><\/li>\n<\/ul>\n<p><span style=\"font-weight: 400;\">El gel utiliza un grado especial de aceite no combustible, que se produce en la ciudad de Naftalan.<\/span><\/p>\n<h2><b>\u00bfC\u00f3mo act\u00faa Duston Gel para articulaciones como se aplica?<\/b><\/h2>\n<p><img loading=\"lazy\" decoding=\"async\" class=\"aligncenter size-full wp-image-291\" src=\"http:\/\/laolladechile.com\/farmacia\/wp-content\/uploads\/2024\/11\/Duston-Gel-2.png\" alt=\"Duston Gel donde lo venden\" width=\"500\" height=\"334\" srcset=\"https:\/\/laolladechile.com\/farmacia\/wp-content\/uploads\/2024\/11\/Duston-Gel-2.png 500w, https:\/\/laolladechile.com\/farmacia\/wp-content\/uploads\/2024\/11\/Duston-Gel-2-300x200.png 300w\" sizes=\"(max-width: 500px) 100vw, 500px\" \/><\/p>\n<p><span style=\"font-weight: 400;\">Como prueba del rendimiento absoluto del f\u00e1rmaco, el equipo cient\u00edfico realiz\u00f3 minuciosos estudios del producto. El n\u00famero total de personas analizadas en el grupo fue de m\u00e1s de 3000 personas resultados reales. Cada uno de ellos ten\u00eda alg\u00fan tipo de enfermedad del sistema musculoesquel\u00e9tico.<\/span><\/p>\n<p><span style=\"font-weight: 400;\">El grupo fue monitoreado durante 30 d\u00edas, tomando el gel dos veces al d\u00eda todos los d\u00edas.<\/span><\/p>\n<p><span style=\"font-weight: 400;\">Los resultados no deb\u00edan esperarse durante mucho tiempo, ya que desde los primeros d\u00edas los pacientes comenzaron a sentir un alivio notable. Algunos notaron una disminuci\u00f3n en el umbral del dolor, neutralizaci\u00f3n de tumores e hinchaz\u00f3n, mientras que otros ganaron libertad de movimiento debido al retorno de la movilidad articular. En la etapa final de aplicaci\u00f3n de precio farmacia del ahorro Duston Gel walmart como se usa el , la mayor\u00eda del grupo se cur\u00f3 por completo de sus enfermedades.<\/span><\/p>\n<p><span style=\"font-weight: 400;\">La gente elige Duston Gel precio farmacia similares no solo porque el producto tiene un precio atractivo comparable a la calidad, sino porque:<\/span><\/p>\n<ul>\n<li style=\"font-weight: 400;\" aria-level=\"1\"><span style=\"font-weight: 400;\">El componente natural del producto excluye la posibilidad de efectos agresivos en los ri\u00f1ones.<\/span><\/li>\n<li style=\"font-weight: 400;\" aria-level=\"1\"><span style=\"font-weight: 400;\">El producto no tiene contraindicaciones de uso, por ser una composici\u00f3n completamente hipoalerg\u00e9nica.<\/span><\/li>\n<li style=\"font-weight: 400;\" aria-level=\"1\"><span style=\"font-weight: 400;\">Los componentes del producto tienen una f\u00f3rmula activa que puede penetrar en la cavidad de la c\u00e1psula articular, restaurando la articulaci\u00f3n.<\/span><\/li>\n<li style=\"font-weight: 400;\" aria-level=\"1\"><span style=\"font-weight: 400;\">El producto tiene efecto analg\u00e9sico. Al mismo tiempo, combate de manera \u00f3ptima la causa de la enfermedad.<\/span><\/li>\n<\/ul>\n<h2><b>C\u00f3mo usar Duston Gel precio m\u00e9xico<\/b><\/h2>\n<ol>\n<li style=\"font-weight: 400;\" aria-level=\"1\"><span style=\"font-weight: 400;\">El primer paso es aplicar el producto sobre el fragmento de piel da\u00f1ado, donde el paciente siente dolor en las articulaciones.<\/span><\/li>\n<li style=\"font-weight: 400;\" aria-level=\"1\"><span style=\"font-weight: 400;\">Despu\u00e9s de la aplicaci\u00f3n El gel debe tardar al menos 20 minutos en secarse y absorberse.<\/span><\/li>\n<li style=\"font-weight: 400;\" aria-level=\"1\"><span style=\"font-weight: 400;\">Ahora puede eliminar de forma segura los restos del gel con un pa\u00f1o seco, enjuagando con agua tibia.<\/span><\/li>\n<\/ol>\n<h2><b>Composici\u00f3n y componentes principales del gel Duston Gel<\/b><\/h2>\n<p><img loading=\"lazy\" decoding=\"async\" class=\"aligncenter size-full wp-image-290\" src=\"http:\/\/laolladechile.com\/farmacia\/wp-content\/uploads\/2024\/11\/Duston-Gel-1.png\" alt=\"Duston Gel precio\" width=\"500\" height=\"330\" srcset=\"https:\/\/laolladechile.com\/farmacia\/wp-content\/uploads\/2024\/11\/Duston-Gel-1.png 500w, https:\/\/laolladechile.com\/farmacia\/wp-content\/uploads\/2024\/11\/Duston-Gel-1-300x198.png 300w\" sizes=\"(max-width: 500px) 100vw, 500px\" \/><\/p>\n<p><span style=\"font-weight: 400;\">El ingrediente b\u00e1sico del producto es el aceite de naftalan. \u00a1Este \u00aboro natural\u00bb, enriquecido con elementos curativos, se puede obtener en la cantidad requerida solo en la ciudad de Naftalan!<\/span><\/p>\n<p><span style=\"font-weight: 400;\">Se ha comprobado que este producto en particular es capaz de tener un efecto analg\u00e9sico, estimulante y antiinflamatorio en el organismo. El agente se equilibra inicialmente de tal manera que penetra profundamente en el tejido articular a nivel molecular, ejerciendo un efecto espec\u00edfico sobre el epicentro de la enfermedad, excluyendo sus causas fundamentales. El medicamento Duston Gel no solo es un arma efectiva con s\u00edntomas de la enfermedad, sino que tambi\u00e9n tiene un efecto regenerador que le permite restaurar r\u00e1pidamente la estructura de la articulaci\u00f3n da\u00f1ada.<\/span><\/p>\n<p><span style=\"font-weight: 400;\">Una adici\u00f3n importante a la composici\u00f3n \u00fanica es la presencia de carbohidratos naft\u00e9nicos polic\u00edclicos, sustancias resinosas de nitr\u00f3geno y azufre, boro cobre, yodo, litio y manganeso, as\u00ed como fracciones de aceite activo que previenen la formaci\u00f3n de dep\u00f3sitos de sal en el cuerpo.<\/span><\/p>\n<h2><b>Opiniones de nuestros clientes sobre gel Duston Gel &#8211; medicamento opiniones<\/b><\/h2>\n<blockquote><p><b>Raimundo<\/b><\/p>\n<p><span style=\"font-weight: 400;\">Durante los \u00faltimos 6 a\u00f1os he estado terriblemente preocupado por la artritis reumatoide, que desarroll\u00e9 no solo debido a un estilo de vida sedentario, sino tambi\u00e9n a una dieta inadecuada. En general, comenzaron los viajes a los m\u00e9dicos, que no me pudieron ayudar mucho. La salvaci\u00f3n lleg\u00f3 inesperadamente cuando decid\u00ed comprar confiable Duston Gel farmacia del ahorro en un sitio web especial. \u00a1Ung\u00ed las articulaciones con gel y el dolor disminuy\u00f3!<\/span><\/p><\/blockquote>\n<p>&nbsp;<\/p>\n<blockquote><p><b>Stephanie<\/b><\/p>\n<p><span style=\"font-weight: 400;\">\u00a1Las articulaciones siempre han sido mi punto doloroso! Pero cuando encontr\u00e9 Duston Gel farmacias en Internet, \u00a1decid\u00ed comprarlo como funciona \u00faltima oportunidad para curarme! \u00a1Vaya, no esperaba que se convirtiera en mi salvaci\u00f3n con tanta facilidad!<\/span><\/p><\/blockquote>\n<p>&nbsp;<\/p>\n<blockquote><p><b>Sherlin<\/b><\/p>\n<p><span style=\"font-weight: 400;\">Mi trabajo anterior implicaba estar en la calle todo el tiempo. Como resultado, me empezaron a doler las articulaciones. Afortunadamente, un buen especialista ayud\u00f3 con un consejo y recomend\u00f3 comprar Duston Gel donde lo puedo conseguir.<\/span><\/p><\/blockquote>\n<p>&nbsp;<\/p>\n<blockquote><p><b>Joshua<\/b><\/p>\n<p><span style=\"font-weight: 400;\">Cuando me empiezan a doler las articulaciones, s\u00e9 c\u00f3mo ayudarme. Todo lo que necesita hacer es comprar Duston Gel precio y los dolores desaparecer\u00e1n.<\/span><\/p><\/blockquote>\n<p>&nbsp;<\/p>\n<blockquote><p><b>Andy<\/b><\/p>\n<p><span style=\"font-weight: 400;\">La rodilla dol\u00eda mucho despu\u00e9s de la lesi\u00f3n. Las drogas convencionales no pudieron ayudarme. \u00a1Entonces decid\u00ed probar Duston Gel precio y no me equivoqu\u00e9! \u00a1El gel realmente funciona!<\/span><\/p><\/blockquote>\n<h2><b>\u00bfD\u00f3nde comprar gel Duston Gel? Donde lo venden?<\/b><\/h2>\n<p><span style=\"font-weight: 400;\">Comprar un medicamento ser\u00e1 beneficioso para usted si inicialmente decide comprarlo a un fabricante Duston Gel donde lo venden oficial. Para estos fines, el desarrollador del medicamento donde comprar se encarg\u00f3 de abrir un sitio web personal que acepta pedidos en l\u00ednea.<\/span><\/p>\n<p><span style=\"font-weight: 400;\">El paciente puede estar seguro de que solo tendr\u00e1 en sus manos un producto original cargado para curar las articulaciones.<\/span><\/p>\n","protected":false},"excerpt":{"rendered":"<div class=\"flex max-w-full flex-col flex-grow\">\n<div class=\"min-h-8 text-message flex w-full flex-col items-end gap-2 whitespace-normal break-words [.text-message+&amp;]:mt-5\" dir=\"auto\" data-message-author-role=\"assistant\" data-message-id=\"34e1e74c-a1e6-4f84-9da2-09171ea1c4ae\" data-message-model-slug=\"gpt-4o\">\n<div class=\"flex w-full flex-col gap-1 empty:hidden first:pt-[3px]\">\n<div class=\"markdown prose w-full break-words dark:prose-invert light\">\n<p><strong>Duston Gel<\/strong> es un gel innovador que alivia el dolor articular y promueve la salud de las articulaciones de manera natural y efectiva. Su eficacia ha sido cl\u00ednicamente probada en el tratamiento de problemas como la artrosis y la artritis, ayudando a mantener un estilo de vida activo.<\/p>\n<\/div>\n<\/div>\n<\/div>\n<\/div>\n","protected":false},"featured_media":289,"comment_status":"open","ping_status":"closed","template":"","meta":[],"product_cat":[15],"product_tag":[],"yoast_head":"<!-- This site is optimized with the Yoast SEO plugin v23.8 - https:\/\/yoast.com\/wordpress\/plugins\/seo\/ -->\n<title>Duston Gel comprar crema para dolores articulares en La Olla de Chile<\/title>\n<meta name=\"robots\" content=\"index, follow, max-snippet:-1, max-image-preview:large, max-video-preview:-1\" \/>\n<link rel=\"canonical\" href=\"http:\/\/laolladechile.com\/farmacia\/duston-gel\" \/>\n<meta property=\"og:locale\" content=\"es_ES\" \/>\n<meta property=\"og:type\" content=\"article\" \/>\n<meta property=\"og:title\" content=\"Duston Gel comprar crema para dolores articulares en La Olla de Chile\" \/>\n<meta property=\"og:description\" content=\"Duston Gel es un gel innovador que alivia el dolor articular y promueve la salud de las articulaciones de manera natural y efectiva. Su eficacia ha sido cl\u00ednicamente probada en el tratamiento de problemas como la artrosis y la artritis, ayudando a mantener un estilo de vida activo.\" \/>\n<meta property=\"og:url\" content=\"http:\/\/laolladechile.com\/farmacia\/duston-gel\" \/>\n<meta property=\"og:site_name\" content=\"La Olla de Chile Farmacia\" \/>\n<meta property=\"og:image\" content=\"http:\/\/laolladechile.com\/farmacia\/wp-content\/uploads\/2024\/11\/Duston-Gel.png\" \/>\n\t<meta property=\"og:image:width\" content=\"227\" \/>\n\t<meta property=\"og:image:height\" content=\"350\" \/>\n\t<meta property=\"og:image:type\" content=\"image\/png\" \/>\n<meta name=\"twitter:card\" content=\"summary_large_image\" \/>\n<meta name=\"twitter:label1\" content=\"Tiempo de lectura\" \/>\n\t<meta name=\"twitter:data1\" content=\"6 minutos\" \/>\n<script type=\"application\/ld+json\" class=\"yoast-schema-graph\">{\"@context\":\"https:\/\/schema.org\",\"@graph\":[{\"@type\":\"WebPage\",\"@id\":\"http:\/\/laolladechile.com\/farmacia\/duston-gel\",\"url\":\"http:\/\/laolladechile.com\/farmacia\/duston-gel\",\"name\":\"Duston Gel comprar crema para dolores articulares en La Olla de Chile\",\"isPartOf\":{\"@id\":\"https:\/\/laolladechile.com\/farmacia\/#website\"},\"primaryImageOfPage\":{\"@id\":\"http:\/\/laolladechile.com\/farmacia\/duston-gel#primaryimage\"},\"image\":{\"@id\":\"http:\/\/laolladechile.com\/farmacia\/duston-gel#primaryimage\"},\"thumbnailUrl\":\"https:\/\/laolladechile.com\/farmacia\/wp-content\/uploads\/2024\/11\/Duston-Gel.png\",\"datePublished\":\"2024-11-15T09:36:37+00:00\",\"dateModified\":\"2024-11-15T09:36:37+00:00\",\"breadcrumb\":{\"@id\":\"http:\/\/laolladechile.com\/farmacia\/duston-gel#breadcrumb\"},\"inLanguage\":\"es\",\"potentialAction\":[{\"@type\":\"ReadAction\",\"target\":[\"http:\/\/laolladechile.com\/farmacia\/duston-gel\"]}]},{\"@type\":\"ImageObject\",\"inLanguage\":\"es\",\"@id\":\"http:\/\/laolladechile.com\/farmacia\/duston-gel#primaryimage\",\"url\":\"https:\/\/laolladechile.com\/farmacia\/wp-content\/uploads\/2024\/11\/Duston-Gel.png\",\"contentUrl\":\"https:\/\/laolladechile.com\/farmacia\/wp-content\/uploads\/2024\/11\/Duston-Gel.png\",\"width\":227,\"height\":350,\"caption\":\"Duston Gel\"},{\"@type\":\"BreadcrumbList\",\"@id\":\"http:\/\/laolladechile.com\/farmacia\/duston-gel#breadcrumb\",\"itemListElement\":[{\"@type\":\"ListItem\",\"position\":1,\"name\":\"Home\",\"item\":\"https:\/\/laolladechile.com\/farmacia\/\"},{\"@type\":\"ListItem\",\"position\":2,\"name\":\"Duston Gel\"}]},{\"@type\":\"WebSite\",\"@id\":\"https:\/\/laolladechile.com\/farmacia\/#website\",\"url\":\"https:\/\/laolladechile.com\/farmacia\/\",\"name\":\"La Olla de Chile Farmacia\",\"description\":\"\",\"publisher\":{\"@id\":\"https:\/\/laolladechile.com\/farmacia\/#organization\"},\"potentialAction\":[{\"@type\":\"SearchAction\",\"target\":{\"@type\":\"EntryPoint\",\"urlTemplate\":\"https:\/\/laolladechile.com\/farmacia\/?s={search_term_string}\"},\"query-input\":{\"@type\":\"PropertyValueSpecification\",\"valueRequired\":true,\"valueName\":\"search_term_string\"}}],\"inLanguage\":\"es\"},{\"@type\":\"Organization\",\"@id\":\"https:\/\/laolladechile.com\/farmacia\/#organization\",\"name\":\"La Olla de Chile Farmacia\",\"url\":\"https:\/\/laolladechile.com\/farmacia\/\",\"logo\":{\"@type\":\"ImageObject\",\"inLanguage\":\"es\",\"@id\":\"https:\/\/laolladechile.com\/farmacia\/#\/schema\/logo\/image\/\",\"url\":\"https:\/\/laolladechile.com\/farmacia\/wp-content\/uploads\/2024\/11\/logo-la-olla.jpg\",\"contentUrl\":\"https:\/\/laolladechile.com\/farmacia\/wp-content\/uploads\/2024\/11\/logo-la-olla.jpg\",\"width\":261,\"height\":62,\"caption\":\"La Olla de Chile Farmacia\"},\"image\":{\"@id\":\"https:\/\/laolladechile.com\/farmacia\/#\/schema\/logo\/image\/\"}}]}<\/script>\n<!-- \/ Yoast SEO plugin. -->","yoast_head_json":{"title":"Duston Gel comprar crema para dolores articulares en La Olla de Chile","robots":{"index":"index","follow":"follow","max-snippet":"max-snippet:-1","max-image-preview":"max-image-preview:large","max-video-preview":"max-video-preview:-1"},"canonical":"http:\/\/laolladechile.com\/farmacia\/duston-gel","og_locale":"es_ES","og_type":"article","og_title":"Duston Gel comprar crema para dolores articulares en La Olla de Chile","og_description":"Duston Gel es un gel innovador que alivia el dolor articular y promueve la salud de las articulaciones de manera natural y efectiva. Su eficacia ha sido cl\u00ednicamente probada en el tratamiento de problemas como la artrosis y la artritis, ayudando a mantener un estilo de vida activo.","og_url":"http:\/\/laolladechile.com\/farmacia\/duston-gel","og_site_name":"La Olla de Chile Farmacia","og_image":[{"width":227,"height":350,"url":"http:\/\/laolladechile.com\/farmacia\/wp-content\/uploads\/2024\/11\/Duston-Gel.png","type":"image\/png"}],"twitter_card":"summary_large_image","twitter_misc":{"Tiempo de lectura":"6 minutos"},"schema":{"@context":"https:\/\/schema.org","@graph":[{"@type":"WebPage","@id":"http:\/\/laolladechile.com\/farmacia\/duston-gel","url":"http:\/\/laolladechile.com\/farmacia\/duston-gel","name":"Duston Gel comprar crema para dolores articulares en La Olla de Chile","isPartOf":{"@id":"https:\/\/laolladechile.com\/farmacia\/#website"},"primaryImageOfPage":{"@id":"http:\/\/laolladechile.com\/farmacia\/duston-gel#primaryimage"},"image":{"@id":"http:\/\/laolladechile.com\/farmacia\/duston-gel#primaryimage"},"thumbnailUrl":"https:\/\/laolladechile.com\/farmacia\/wp-content\/uploads\/2024\/11\/Duston-Gel.png","datePublished":"2024-11-15T09:36:37+00:00","dateModified":"2024-11-15T09:36:37+00:00","breadcrumb":{"@id":"http:\/\/laolladechile.com\/farmacia\/duston-gel#breadcrumb"},"inLanguage":"es","potentialAction":[{"@type":"ReadAction","target":["http:\/\/laolladechile.com\/farmacia\/duston-gel"]}]},{"@type":"ImageObject","inLanguage":"es","@id":"http:\/\/laolladechile.com\/farmacia\/duston-gel#primaryimage","url":"https:\/\/laolladechile.com\/farmacia\/wp-content\/uploads\/2024\/11\/Duston-Gel.png","contentUrl":"https:\/\/laolladechile.com\/farmacia\/wp-content\/uploads\/2024\/11\/Duston-Gel.png","width":227,"height":350,"caption":"Duston Gel"},{"@type":"BreadcrumbList","@id":"http:\/\/laolladechile.com\/farmacia\/duston-gel#breadcrumb","itemListElement":[{"@type":"ListItem","position":1,"name":"Home","item":"https:\/\/laolladechile.com\/farmacia\/"},{"@type":"ListItem","position":2,"name":"Duston Gel"}]},{"@type":"WebSite","@id":"https:\/\/laolladechile.com\/farmacia\/#website","url":"https:\/\/laolladechile.com\/farmacia\/","name":"La Olla de Chile Farmacia","description":"","publisher":{"@id":"https:\/\/laolladechile.com\/farmacia\/#organization"},"potentialAction":[{"@type":"SearchAction","target":{"@type":"EntryPoint","urlTemplate":"https:\/\/laolladechile.com\/farmacia\/?s={search_term_string}"},"query-input":{"@type":"PropertyValueSpecification","valueRequired":true,"valueName":"search_term_string"}}],"inLanguage":"es"},{"@type":"Organization","@id":"https:\/\/laolladechile.com\/farmacia\/#organization","name":"La Olla de Chile Farmacia","url":"https:\/\/laolladechile.com\/farmacia\/","logo":{"@type":"ImageObject","inLanguage":"es","@id":"https:\/\/laolladechile.com\/farmacia\/#\/schema\/logo\/image\/","url":"https:\/\/laolladechile.com\/farmacia\/wp-content\/uploads\/2024\/11\/logo-la-olla.jpg","contentUrl":"https:\/\/laolladechile.com\/farmacia\/wp-content\/uploads\/2024\/11\/logo-la-olla.jpg","width":261,"height":62,"caption":"La Olla de Chile Farmacia"},"image":{"@id":"https:\/\/laolladechile.com\/farmacia\/#\/schema\/logo\/image\/"}}]}},"_links":{"self":[{"href":"https:\/\/laolladechile.com\/farmacia\/index.php?rest_route=\/wp\/v2\/product\/288"}],"collection":[{"href":"https:\/\/laolladechile.com\/farmacia\/index.php?rest_route=\/wp\/v2\/product"}],"about":[{"href":"https:\/\/laolladechile.com\/farmacia\/index.php?rest_route=\/wp\/v2\/types\/product"}],"replies":[{"embeddable":true,"href":"https:\/\/laolladechile.com\/farmacia\/index.php?rest_route=%2Fwp%2Fv2%2Fcomments&post=288"}],"wp:featuredmedia":[{"embeddable":true,"href":"https:\/\/laolladechile.com\/farmacia\/index.php?rest_route=\/wp\/v2\/media\/289"}],"wp:attachment":[{"href":"https:\/\/laolladechile.com\/farmacia\/index.php?rest_route=%2Fwp%2Fv2%2Fmedia&parent=288"}],"wp:term":[{"taxonomy":"product_cat","embeddable":true,"href":"https:\/\/laolladechile.com\/farmacia\/index.php?rest_route=%2Fwp%2Fv2%2Fproduct_cat&post=288"},{"taxonomy":"product_tag","embeddable":true,"href":"https:\/\/laolladechile.com\/farmacia\/index.php?rest_route=%2Fwp%2Fv2%2Fproduct_tag&post=288"}],"curies":[{"name":"wp","href":"https:\/\/api.w.org\/{rel}","templated":true}]}}