{"id":32,"date":"2024-07-26T14:25:11","date_gmt":"2024-07-26T12:25:11","guid":{"rendered":"http:\/\/laolladechile.com\/farmacia\/?post_type=product&#038;p=32"},"modified":"2024-07-26T14:25:11","modified_gmt":"2024-07-26T12:25:11","slug":"diatron","status":"publish","type":"product","link":"http:\/\/laolladechile.com\/farmacia\/diatron","title":{"rendered":"Diatron"},"content":{"rendered":"<table>\n<tbody>\n<tr>\n<td>Sitio web<\/td>\n<td>Diatron.es<\/td>\n<\/tr>\n<tr>\n<td>Acci\u00f3n<\/td>\n<td>\u2714 Reduce los niveles de az\u00facar en sangre;<br \/>\n\u2714 Acelera el metabolismo y favorece la p\u00e9rdida de peso;<br \/>\n\u2714 Regenerar \u00f3rganos como el p\u00e1ncreas;<br \/>\n\u2714 Estas actividades no s\u00f3lo controlan la diabetes sino que tambi\u00e9n brindan muchos otros beneficios.<\/td>\n<\/tr>\n<tr>\n<td>Componentes<\/td>\n<td>\u2714 Arbol de coral;<br \/>\n\u2714 Clavo de ciruela;<br \/>\n\u2714 Viuda del \u00e1rbol.<\/td>\n<\/tr>\n<tr>\n<td>Instrucciones de uso<\/td>\n<td>Forma correcta: dos c\u00e1psulas al d\u00eda durante 5 semanas, una c\u00e1psula por la ma\u00f1ana media hora antes del desayuno y una c\u00e1psula por la noche media hora antes de la cena.<\/td>\n<\/tr>\n<tr>\n<td>Volumen<\/td>\n<td>25 c\u00e1psulas<\/td>\n<\/tr>\n<tr>\n<td>Precio<\/td>\n<td>\ud83d\uded1 760 MXN<\/td>\n<\/tr>\n<tr>\n<td>Entrega<\/td>\n<td>Aproximadamente 5 d\u00edas<\/td>\n<\/tr>\n<\/tbody>\n<\/table>\n<h2><b>\u00a1Las c\u00e1psulas Diatron para la diabetes son un remedio poderoso con una reputaci\u00f3n comprobada!<\/b><\/h2>\n<p><img loading=\"lazy\" decoding=\"async\" class=\"aligncenter size-full wp-image-25\" src=\"http:\/\/laolladechile.com\/farmacia\/wp-content\/uploads\/2024\/07\/Diatron-5.jpg\" alt=\"Diatron donde comprar\" width=\"500\" height=\"322\" srcset=\"https:\/\/laolladechile.com\/farmacia\/wp-content\/uploads\/2024\/07\/Diatron-5.jpg 500w, https:\/\/laolladechile.com\/farmacia\/wp-content\/uploads\/2024\/07\/Diatron-5-300x193.jpg 300w\" sizes=\"(max-width: 500px) 100vw, 500px\" \/><\/p>\n<p>Si sufres de diabetes o alguien de tu familia padece esta enfermedad, debes saber sobre Diatron.<\/p>\n<p>\u00bfPara qu\u00e9 sirve Diatron? En pocas palabras, es un producto que ayuda a regular los niveles de az\u00facar en sangre de una forma completamente natural. Esto tambi\u00e9n te dar\u00e1 muchos beneficios.<\/p>\n<p>Hoy te contamos d\u00f3nde comprar Diatron a buen precio porque no lo encontrar\u00e1s en descuento y puede que est\u00e9 agotado en lugares como farmacias y supermercados.<\/p>\n<p>Tambi\u00e9n te daremos consejos sobre c\u00f3mo utilizar este producto para conseguir todos sus beneficios, adem\u00e1s de informarte sobre sus ingredientes y efectos secundarios.<\/p>\n<h2><b>Causas de la diabetes<\/b><\/h2>\n<p>Las razones del desarrollo de diabetes tipo 1 y 2 en pacientes son diferentes. La enfermedad del primer tipo se detecta en pacientes j\u00f3venes menores de treinta a\u00f1os. La producci\u00f3n alterada de insulina ocurre cuando el p\u00e1ncreas est\u00e1 da\u00f1ado por origen autoinmune. Cuando esto ocurre, se produce la destrucci\u00f3n de las c\u00e9lulas \u00df productoras de insulina.<\/p>\n<p>En la mayor\u00eda de los pacientes, esta patolog\u00eda ocurre despu\u00e9s de una infecci\u00f3n viral. Los m\u00e1s comunes son las paperas, la rub\u00e9ola, el sarampi\u00f3n y la hepatitis viral. Esta condici\u00f3n patol\u00f3gica tambi\u00e9n puede desarrollarse despu\u00e9s de los efectos t\u00f3xicos en el cuerpo de las siguientes sustancias: nitrosamina, pesticidas y algunos medicamentos.<\/p>\n<p>Estas sustancias contribuyen a la alteraci\u00f3n de la respuesta inmune y a la aparici\u00f3n de reacciones autoinmunes. El impacto de las c\u00e9lulas inmunes alteradas en los islotes de Langerhans del p\u00e1ncreas provoca su muerte. Debido a esto, la producci\u00f3n de insulina disminuye. Esta condici\u00f3n se desarrolla cuando m\u00e1s del 80% de estas c\u00e9lulas se ven afectadas.<\/p>\n<p>En el segundo tipo de enfermedad, todas las c\u00e9lulas se vuelven insensibles a la insulina. Los niveles de insulina plasm\u00e1tica son normales o elevados, pero las c\u00e9lulas no lo perciben. La mayor\u00eda de estos pacientes tienen diabetes. La tolerancia a la glucosa se produce por las siguientes razones:<\/p>\n<ul>\n<li aria-level=\"1\"><b>Predisposici\u00f3n gen\u00e9tica. <\/b>Estos pacientes tienen familiares con diabetes. Si ambos padres la padecen, la probabilidad de heredar una predisposici\u00f3n aumenta al 70%.<\/li>\n<li aria-level=\"1\"><b>Obesidad.<\/b> Con una gran cantidad de tejido adiposo en el cuerpo, su sensibilidad a la insulina disminuye.<\/li>\n<li aria-level=\"1\"><b>Nutrici\u00f3n pobre.<\/b> Con predominio de carbohidratos simples en los alimentos y falta de fibra, aumenta el riesgo de desarrollar diabetes mellitus.<\/li>\n<li aria-level=\"1\"><b>Patolog\u00eda cardiovascular.<\/b> Las formas graves de estas enfermedades (aterosclerosis, cardiopat\u00eda isqu\u00e9mica e hipertensi\u00f3n arterial) provocan una mayor resistencia a la insulina en los tejidos.<\/li>\n<li aria-level=\"1\"><b>Estr\u00e9s cr\u00f3nico.<\/b> En esta condici\u00f3n, aumenta el nivel de catecolaminas y glucocorticoides. Esto contribuye al desarrollo de la diabetes.<\/li>\n<li aria-level=\"1\"><b>Tomar ciertos medicamentos.<\/b> El grupo de f\u00e1rmacos que aumentan el riesgo de diabetes incluye: glucocorticoides sint\u00e9ticos, diur\u00e9ticos, algunos f\u00e1rmacos antihipertensivos y citost\u00e1ticos.<\/li>\n<li aria-level=\"1\"><b>Insuficiencia cr\u00f3nica de la corteza suprarrenal.<\/b> Esta enfermedad aumenta el riesgo de desarrollar resistencia tisular a la insulina.<\/li>\n<\/ul>\n<p>Como resultado, la penetraci\u00f3n de la glucosa en las c\u00e9lulas disminuye y aumenta su nivel en la sangre.<\/p>\n<h2><b>Propiedades y funciones de la droga Diatron<\/b><\/h2>\n<p><img loading=\"lazy\" decoding=\"async\" class=\"aligncenter size-full wp-image-24\" src=\"http:\/\/laolladechile.com\/farmacia\/wp-content\/uploads\/2024\/07\/Diatron-4.jpg\" alt=\"Diatron donde lo puedo conseguir\" width=\"500\" height=\"390\" srcset=\"https:\/\/laolladechile.com\/farmacia\/wp-content\/uploads\/2024\/07\/Diatron-4.jpg 500w, https:\/\/laolladechile.com\/farmacia\/wp-content\/uploads\/2024\/07\/Diatron-4-300x234.jpg 300w\" sizes=\"(max-width: 500px) 100vw, 500px\" \/><\/p>\n<p>Diatron es una c\u00e1psula que se utiliza para controlar o prevenir la diabetes, por lo que puede usarse si padeces la enfermedad o est\u00e1s en riesgo de desarrollarla.<\/p>\n<p>Por tanto, Diatron ayuda a personas con diabetes tipo 1 y tipo 2, prediabetes o con riesgo de desarrollar esta enfermedad.<\/p>\n<p>Una de las caracter\u00edsticas que hace que estas c\u00e1psulas sean muy populares es su composici\u00f3n natural Diatron. No contiene qu\u00edmicos ni conservantes que puedan da\u00f1ar tu organismo. Son completamente seguros y no causan efectos secundarios.<\/p>\n<h2><b>\u00bfQu\u00e9 acciones realizan las c\u00e1psulas Diatron en el organismo?<\/b><\/h2>\n<p>Quiz\u00e1s se pregunte por qu\u00e9 Diatron es tan eficaz. Lo cierto es que su eficacia se debe a su r\u00e1pida acci\u00f3n y a tres acciones principales:<\/p>\n<ol>\n<li aria-level=\"1\">Reduce los niveles de az\u00facar en sangre;<\/li>\n<li aria-level=\"1\">Acelera el metabolismo y favorece la p\u00e9rdida de peso;<\/li>\n<li aria-level=\"1\">Regenera \u00f3rganos como el p\u00e1ncreas;<\/li>\n<li aria-level=\"1\">Estas actividades no s\u00f3lo controlan la diabetes sino que tambi\u00e9n brindan muchos otros beneficios.<\/li>\n<\/ol>\n<h2><b>\u00bfCu\u00e1les son los beneficios del remedio para la diabetes Diatron?<\/b><\/h2>\n<p><img loading=\"lazy\" decoding=\"async\" class=\"aligncenter size-full wp-image-23\" src=\"http:\/\/laolladechile.com\/farmacia\/wp-content\/uploads\/2024\/07\/Diatron-3.jpg\" alt=\"Diatron farmacia del ahorro\" width=\"500\" height=\"347\" srcset=\"https:\/\/laolladechile.com\/farmacia\/wp-content\/uploads\/2024\/07\/Diatron-3.jpg 500w, https:\/\/laolladechile.com\/farmacia\/wp-content\/uploads\/2024\/07\/Diatron-3-300x208.jpg 300w\" sizes=\"(max-width: 500px) 100vw, 500px\" \/><\/p>\n<p>S\u00ed, Diatron brinda muchos beneficios ya que esta f\u00f3rmula mejora su cuerpo de muchas maneras.<\/p>\n<p>Diatron proporciona los siguientes beneficios:<\/p>\n<ol>\n<li aria-level=\"1\">Te ayuda a perder peso.<\/li>\n<li aria-level=\"1\">Acelera el metabolismo de los l\u00edpidos y los carbohidratos, convirti\u00e9ndolos efectivamente en energ\u00eda en lugar de grasas locales da\u00f1inas.<\/li>\n<li aria-level=\"1\">Reduce la retenci\u00f3n de l\u00edquidos y la celulitis.<\/li>\n<li aria-level=\"1\">Normaliza los niveles de az\u00facar en sangre.<\/li>\n<li aria-level=\"1\">Reduce los niveles de colesterol malo.<\/li>\n<li aria-level=\"1\">Mejora el sistema circulatorio.<\/li>\n<li aria-level=\"1\">Tambi\u00e9n regenera \u00f3rganos como el p\u00e1ncreas, ri\u00f1ones, h\u00edgado, etc. c.<\/li>\n<li aria-level=\"1\">Mejora el estado emocional.<\/li>\n<li aria-level=\"1\">Te sentir\u00e1s m\u00e1s en\u00e9rgico y resistente.<\/li>\n<li aria-level=\"1\">Reduce el apetito.<\/li>\n<\/ol>\n<h2><b>Beneficios de tomar c\u00e1psulas Diatron es bueno o malo<\/b><\/h2>\n<p>Adem\u00e1s de estos beneficios, Diatron tambi\u00e9n ofrece otros beneficios como:<\/p>\n<ol>\n<li aria-level=\"1\">Diatron resultados reales tiene una composici\u00f3n natural, por lo que no provoca efectos indeseables cuando se utiliza junto con f\u00e1rmacos antidiab\u00e9ticos.<\/li>\n<li aria-level=\"1\">Sin efectos secundarios.<\/li>\n<li aria-level=\"1\">Est\u00e1 disponible a un precio asequible y obtendr\u00e1 un descuento si realiza el pedido. en el sitio web oficial del fabricante.<\/li>\n<li aria-level=\"1\">Se puede pedir en cualquier pa\u00eds del mundo.<\/li>\n<li aria-level=\"1\">Si eso no es suficiente, se puede entregar en tu casa en menos de una semana.<\/li>\n<li aria-level=\"1\">Podr\u00e1s pagar la mercanc\u00eda cuando la recibas en casa.<\/li>\n<li aria-level=\"1\">Originalidad y eficacia del producto garantizadas.<\/li>\n<li aria-level=\"1\">La verdad es que Diatron es seguro, conveniente y tiene muchos beneficios.<\/li>\n<\/ol>\n<h2><b>\u00bfCu\u00e1l es el esquema de uso de c\u00e1psulas para la diabetes Diatron como se aplica?<\/b><\/h2>\n<p><img loading=\"lazy\" decoding=\"async\" class=\"aligncenter size-full wp-image-22\" src=\"http:\/\/laolladechile.com\/farmacia\/wp-content\/uploads\/2024\/07\/Diatron-2.jpg\" alt=\"Diatron opiniones\" width=\"500\" height=\"299\" srcset=\"https:\/\/laolladechile.com\/farmacia\/wp-content\/uploads\/2024\/07\/Diatron-2.jpg 500w, https:\/\/laolladechile.com\/farmacia\/wp-content\/uploads\/2024\/07\/Diatron-2-300x179.jpg 300w\" sizes=\"(max-width: 500px) 100vw, 500px\" \/><\/p>\n<p>Diatron tiene muchos beneficios, pero para utilizarlos se deben utilizar las c\u00e1psulas seg\u00fan las instrucciones del fabricante. Estas c\u00e1psulas deben usarse durante al menos 5 semanas para sentir los beneficios.<\/p>\n<p>Forma correcta como se usa el Diatron: dos c\u00e1psulas al d\u00eda durante 5 semanas, una c\u00e1psula por la ma\u00f1ana media hora antes del desayuno y una c\u00e1psula por la noche media hora antes de la cena.<\/p>\n<p>Para asegurar una r\u00e1pida absorci\u00f3n y evitar molestias estomacales, las c\u00e1psulas se deben tomar con abundante agua.<\/p>\n<h2><b>\u00bfDiatron causa efectos secundarios?<\/b><\/h2>\n<p>Diatron no tiene efectos secundarios ya que es natural y no contiene qu\u00edmicos en comparaci\u00f3n con otros medicamentos antidiab\u00e9ticos disponibles en las farmacias.<\/p>\n<p>El medicamento Diatron es seguro, natural y no causa efectos secundarios. Es importante consultar a su m\u00e9dico sobre el uso de las c\u00e1psulas si est\u00e1 en tratamiento o si tiene una afecci\u00f3n m\u00e9dica grave como c\u00e1ncer.<\/p>\n<h2><b>Ingredientes principales de la composici\u00f3n Diatron<\/b><\/h2>\n<p>La formulaci\u00f3n Diatron no tiene precedentes porque contiene tres elementos clave que no se utilizan en otras f\u00f3rmulas. Por supuesto, son extremadamente efectivos y funcionan a la perfecci\u00f3n.<\/p>\n<p>Caracter\u00edsticas de estos elementos:<\/p>\n<ol>\n<li aria-level=\"1\"><b>Coralwood:<\/b> este elemento ayuda a prevenir la absorci\u00f3n de glucosa. Tambi\u00e9n puede regular los niveles de insulina y mejorar la regeneraci\u00f3n celular en el cuerpo.<\/li>\n<li aria-level=\"1\"><b>El clavo <\/b>de ciruela es un extracto importante en la f\u00f3rmula Diatron. Mejora el funcionamiento del p\u00e1ncreas, reduce el az\u00facar en sangre y el colesterol malo.<\/li>\n<li aria-level=\"1\"><b>Viuda de madera:<\/b> este extracto reduce el apetito, acelera el metabolismo y mejora la inmunidad. Tambi\u00e9n reduce los niveles de az\u00facar y grasas y mejora la circulaci\u00f3n sangu\u00ednea.<\/li>\n<\/ol>\n<h2><b>\u00bfQu\u00e9 opiniones dejan los clientes sobre Diatron?<\/b><\/h2>\n<p><img loading=\"lazy\" decoding=\"async\" class=\"aligncenter size-full wp-image-21\" src=\"http:\/\/laolladechile.com\/farmacia\/wp-content\/uploads\/2024\/07\/Diatron-1.jpg\" alt=\"Diatron como se aplica\" width=\"500\" height=\"357\" srcset=\"https:\/\/laolladechile.com\/farmacia\/wp-content\/uploads\/2024\/07\/Diatron-1.jpg 500w, https:\/\/laolladechile.com\/farmacia\/wp-content\/uploads\/2024\/07\/Diatron-1-300x214.jpg 300w\" sizes=\"(max-width: 500px) 100vw, 500px\" \/><\/p>\n<p>Diatron confiable ha recibido muchas cr\u00edticas positivas en los foros, especialmente por su alta eficiencia y seguridad.<\/p>\n<p>Miles de rese\u00f1as sobre Diatron confirman que las c\u00e1psulas act\u00faan sin efectos secundarios y mejoran el bienestar emocional.<\/p>\n<p>Aqu\u00ed hay algunas rese\u00f1as de Diatron seleccionadas de los foros.<\/p>\n<p>&nbsp;<\/p>\n<blockquote><p><b>Keila<\/b><\/p>\n<p>Todos los hombres de mi familia murieron por complicaciones de la diabetes, desde mi bisabuelo hasta mi hermano. Entonces, cuando mi m\u00e9dico me dijo que ten\u00eda un nivel bajo de az\u00facar en la sangre, me asust\u00e9. Vi de primera mano lo devastadora que es esta enfermedad. si, pero con la ayuda de Diatron farmacia del ahorro te puedes curar, cr\u00e9eme. Estoy mejorando. Gracias a estas c\u00e1psulas perd\u00ed peso, mi presi\u00f3n arterial y mis niveles de colesterol bajaron y mis niveles de az\u00facar volvieron a la normalidad. Qu\u00e9 l\u00e1stima que no me enter\u00e9 antes, porque realmente habr\u00edan curado a mi padre. Definitivamente recomiendo Diatron donde lo puedo conseguir porque funciona y no causa ninguna molestia en el est\u00f3mago ni en ning\u00fan otro lugar.<\/p><\/blockquote>\n<p>&nbsp;<\/p>\n<blockquote><p><b>Pablo<\/b><\/p>\n<p>La diabetes es dura, sobre todo cuando no puedes comer nada: ni harina, ni az\u00facar, ni siquiera pan normal&#8230; Es muy molesto. Cuando descubr\u00ed d\u00f3nde comprar Diatron, precio farmacia del ahorro mi dieta se volvi\u00f3 m\u00e1s flexible porque el az\u00facar est\u00e1 bajo control. Recomiendo Diatron, funciona.<\/p><\/blockquote>\n<p>&nbsp;<\/p>\n<blockquote><p><b>Alfredo<\/b><\/p>\n<p>Mi madre tiene diabetes y retenci\u00f3n severa de l\u00edquidos, adem\u00e1s de una lesi\u00f3n compleja en el dedo debido a un traumatismo. Ten\u00edamos miedo, pens\u00e1bamos que perder\u00eda toda la pierna, pero los m\u00e9dicos nos dijeron d\u00f3nde comprar Diatron y c\u00f3mo usarlo. Funcion\u00f3 muy bien. Mi madre se ha recuperado ya que su diabetes est\u00e1 bajo control. Diatron funciona, pru\u00e9balo.<\/p><\/blockquote>\n<h2><b>\u00bfD\u00f3nde comprar Diatron? \u00bfSupermercados o farmacias?<\/b><\/h2>\n<p>Diatron tiene un efecto muy fuerte sobre la salud y est\u00e1 rodeado de muchas buenas cr\u00edticas, pero es importante comprarlo s\u00f3lo en el sitio web oficial del fabricante porque hay muchas copias de estas c\u00e1psulas en otros lugares.<\/p>\n<p>Adem\u00e1s, en los portales de venta donde lo venden Diatron se vende a un precio farmacia similares muy elevado porque se vende por demasiado caro.<\/p>\n<p>Diatron ser\u00e1 dif\u00edcil comprarlo en farmacias o supermercados, ya que est\u00e1 prohibido venderlo en estos lugares.<\/p>\n<p>Es importante comprar estas c\u00e1psulas \u00fanicamente en el sitio web oficial del fabricante, donde recibir\u00e1 el producto al precio m\u00e1s bajo. El producto est\u00e1 actualmente disponible con un 50% de descuento.<\/p>\n<p>Aqu\u00ed ten\u00e9is el enlace para ir al sitio y comprar walmart Diatron a buen precio. No dejes que la diabetes te deprima, prueba estas pastillas.<\/p>\n","protected":false},"excerpt":{"rendered":"<p>Si sufres de diabetes o alguien de tu familia padece esta enfermedad, debes saber sobre Diatron. Es un producto que ayuda a regular los niveles de az\u00facar en sangre de una forma completamente natural, proporcionando m\u00faltiples beneficios.<\/p>\n","protected":false},"featured_media":20,"comment_status":"open","ping_status":"closed","template":"","meta":[],"product_cat":[15],"product_tag":[],"yoast_head":"<!-- This site is optimized with the Yoast SEO plugin v23.8 - https:\/\/yoast.com\/wordpress\/plugins\/seo\/ -->\n<title>Diatron - La Olla de Chile Farmacia<\/title>\n<meta name=\"robots\" content=\"index, follow, max-snippet:-1, max-image-preview:large, max-video-preview:-1\" \/>\n<link rel=\"canonical\" href=\"http:\/\/laolladechile.com\/farmacia\/diatron\" \/>\n<meta property=\"og:locale\" content=\"es_ES\" \/>\n<meta property=\"og:type\" content=\"article\" \/>\n<meta property=\"og:title\" content=\"Diatron - La Olla de Chile Farmacia\" \/>\n<meta property=\"og:description\" content=\"Si sufres de diabetes o alguien de tu familia padece esta enfermedad, debes saber sobre Diatron. Es un producto que ayuda a regular los niveles de az\u00facar en sangre de una forma completamente natural, proporcionando m\u00faltiples beneficios.\" \/>\n<meta property=\"og:url\" content=\"http:\/\/laolladechile.com\/farmacia\/diatron\" \/>\n<meta property=\"og:site_name\" content=\"La Olla de Chile Farmacia\" \/>\n<meta property=\"og:image\" content=\"http:\/\/laolladechile.com\/farmacia\/wp-content\/uploads\/2024\/07\/Diatron.jpg\" \/>\n\t<meta property=\"og:image:width\" content=\"340\" \/>\n\t<meta property=\"og:image:height\" content=\"296\" \/>\n\t<meta property=\"og:image:type\" content=\"image\/jpeg\" \/>\n<meta name=\"twitter:card\" content=\"summary_large_image\" \/>\n<meta name=\"twitter:label1\" content=\"Tiempo de lectura\" \/>\n\t<meta name=\"twitter:data1\" content=\"9 minutos\" \/>\n<script type=\"application\/ld+json\" class=\"yoast-schema-graph\">{\"@context\":\"https:\/\/schema.org\",\"@graph\":[{\"@type\":\"WebPage\",\"@id\":\"http:\/\/laolladechile.com\/farmacia\/diatron\",\"url\":\"http:\/\/laolladechile.com\/farmacia\/diatron\",\"name\":\"Diatron - La Olla de Chile Farmacia\",\"isPartOf\":{\"@id\":\"https:\/\/laolladechile.com\/farmacia\/#website\"},\"primaryImageOfPage\":{\"@id\":\"http:\/\/laolladechile.com\/farmacia\/diatron#primaryimage\"},\"image\":{\"@id\":\"http:\/\/laolladechile.com\/farmacia\/diatron#primaryimage\"},\"thumbnailUrl\":\"https:\/\/laolladechile.com\/farmacia\/wp-content\/uploads\/2024\/07\/Diatron.jpg\",\"datePublished\":\"2024-07-26T12:25:11+00:00\",\"dateModified\":\"2024-07-26T12:25:11+00:00\",\"breadcrumb\":{\"@id\":\"http:\/\/laolladechile.com\/farmacia\/diatron#breadcrumb\"},\"inLanguage\":\"es\",\"potentialAction\":[{\"@type\":\"ReadAction\",\"target\":[\"http:\/\/laolladechile.com\/farmacia\/diatron\"]}]},{\"@type\":\"ImageObject\",\"inLanguage\":\"es\",\"@id\":\"http:\/\/laolladechile.com\/farmacia\/diatron#primaryimage\",\"url\":\"https:\/\/laolladechile.com\/farmacia\/wp-content\/uploads\/2024\/07\/Diatron.jpg\",\"contentUrl\":\"https:\/\/laolladechile.com\/farmacia\/wp-content\/uploads\/2024\/07\/Diatron.jpg\",\"width\":340,\"height\":296,\"caption\":\"Diatron\"},{\"@type\":\"BreadcrumbList\",\"@id\":\"http:\/\/laolladechile.com\/farmacia\/diatron#breadcrumb\",\"itemListElement\":[{\"@type\":\"ListItem\",\"position\":1,\"name\":\"Home\",\"item\":\"https:\/\/laolladechile.com\/farmacia\/\"},{\"@type\":\"ListItem\",\"position\":2,\"name\":\"Diatron\"}]},{\"@type\":\"WebSite\",\"@id\":\"https:\/\/laolladechile.com\/farmacia\/#website\",\"url\":\"https:\/\/laolladechile.com\/farmacia\/\",\"name\":\"La Olla de Chile Farmacia\",\"description\":\"\",\"publisher\":{\"@id\":\"https:\/\/laolladechile.com\/farmacia\/#organization\"},\"potentialAction\":[{\"@type\":\"SearchAction\",\"target\":{\"@type\":\"EntryPoint\",\"urlTemplate\":\"https:\/\/laolladechile.com\/farmacia\/?s={search_term_string}\"},\"query-input\":{\"@type\":\"PropertyValueSpecification\",\"valueRequired\":true,\"valueName\":\"search_term_string\"}}],\"inLanguage\":\"es\"},{\"@type\":\"Organization\",\"@id\":\"https:\/\/laolladechile.com\/farmacia\/#organization\",\"name\":\"La Olla de Chile Farmacia\",\"url\":\"https:\/\/laolladechile.com\/farmacia\/\",\"logo\":{\"@type\":\"ImageObject\",\"inLanguage\":\"es\",\"@id\":\"https:\/\/laolladechile.com\/farmacia\/#\/schema\/logo\/image\/\",\"url\":\"https:\/\/laolladechile.com\/farmacia\/wp-content\/uploads\/2024\/11\/logo-la-olla.jpg\",\"contentUrl\":\"https:\/\/laolladechile.com\/farmacia\/wp-content\/uploads\/2024\/11\/logo-la-olla.jpg\",\"width\":261,\"height\":62,\"caption\":\"La Olla de Chile Farmacia\"},\"image\":{\"@id\":\"https:\/\/laolladechile.com\/farmacia\/#\/schema\/logo\/image\/\"}}]}<\/script>\n<!-- \/ Yoast SEO plugin. -->","yoast_head_json":{"title":"Diatron - La Olla de Chile Farmacia","robots":{"index":"index","follow":"follow","max-snippet":"max-snippet:-1","max-image-preview":"max-image-preview:large","max-video-preview":"max-video-preview:-1"},"canonical":"http:\/\/laolladechile.com\/farmacia\/diatron","og_locale":"es_ES","og_type":"article","og_title":"Diatron - La Olla de Chile Farmacia","og_description":"Si sufres de diabetes o alguien de tu familia padece esta enfermedad, debes saber sobre Diatron. Es un producto que ayuda a regular los niveles de az\u00facar en sangre de una forma completamente natural, proporcionando m\u00faltiples beneficios.","og_url":"http:\/\/laolladechile.com\/farmacia\/diatron","og_site_name":"La Olla de Chile Farmacia","og_image":[{"width":340,"height":296,"url":"http:\/\/laolladechile.com\/farmacia\/wp-content\/uploads\/2024\/07\/Diatron.jpg","type":"image\/jpeg"}],"twitter_card":"summary_large_image","twitter_misc":{"Tiempo de lectura":"9 minutos"},"schema":{"@context":"https:\/\/schema.org","@graph":[{"@type":"WebPage","@id":"http:\/\/laolladechile.com\/farmacia\/diatron","url":"http:\/\/laolladechile.com\/farmacia\/diatron","name":"Diatron - La Olla de Chile Farmacia","isPartOf":{"@id":"https:\/\/laolladechile.com\/farmacia\/#website"},"primaryImageOfPage":{"@id":"http:\/\/laolladechile.com\/farmacia\/diatron#primaryimage"},"image":{"@id":"http:\/\/laolladechile.com\/farmacia\/diatron#primaryimage"},"thumbnailUrl":"https:\/\/laolladechile.com\/farmacia\/wp-content\/uploads\/2024\/07\/Diatron.jpg","datePublished":"2024-07-26T12:25:11+00:00","dateModified":"2024-07-26T12:25:11+00:00","breadcrumb":{"@id":"http:\/\/laolladechile.com\/farmacia\/diatron#breadcrumb"},"inLanguage":"es","potentialAction":[{"@type":"ReadAction","target":["http:\/\/laolladechile.com\/farmacia\/diatron"]}]},{"@type":"ImageObject","inLanguage":"es","@id":"http:\/\/laolladechile.com\/farmacia\/diatron#primaryimage","url":"https:\/\/laolladechile.com\/farmacia\/wp-content\/uploads\/2024\/07\/Diatron.jpg","contentUrl":"https:\/\/laolladechile.com\/farmacia\/wp-content\/uploads\/2024\/07\/Diatron.jpg","width":340,"height":296,"caption":"Diatron"},{"@type":"BreadcrumbList","@id":"http:\/\/laolladechile.com\/farmacia\/diatron#breadcrumb","itemListElement":[{"@type":"ListItem","position":1,"name":"Home","item":"https:\/\/laolladechile.com\/farmacia\/"},{"@type":"ListItem","position":2,"name":"Diatron"}]},{"@type":"WebSite","@id":"https:\/\/laolladechile.com\/farmacia\/#website","url":"https:\/\/laolladechile.com\/farmacia\/","name":"La Olla de Chile Farmacia","description":"","publisher":{"@id":"https:\/\/laolladechile.com\/farmacia\/#organization"},"potentialAction":[{"@type":"SearchAction","target":{"@type":"EntryPoint","urlTemplate":"https:\/\/laolladechile.com\/farmacia\/?s={search_term_string}"},"query-input":{"@type":"PropertyValueSpecification","valueRequired":true,"valueName":"search_term_string"}}],"inLanguage":"es"},{"@type":"Organization","@id":"https:\/\/laolladechile.com\/farmacia\/#organization","name":"La Olla de Chile Farmacia","url":"https:\/\/laolladechile.com\/farmacia\/","logo":{"@type":"ImageObject","inLanguage":"es","@id":"https:\/\/laolladechile.com\/farmacia\/#\/schema\/logo\/image\/","url":"https:\/\/laolladechile.com\/farmacia\/wp-content\/uploads\/2024\/11\/logo-la-olla.jpg","contentUrl":"https:\/\/laolladechile.com\/farmacia\/wp-content\/uploads\/2024\/11\/logo-la-olla.jpg","width":261,"height":62,"caption":"La Olla de Chile Farmacia"},"image":{"@id":"https:\/\/laolladechile.com\/farmacia\/#\/schema\/logo\/image\/"}}]}},"_links":{"self":[{"href":"https:\/\/laolladechile.com\/farmacia\/index.php?rest_route=\/wp\/v2\/product\/32"}],"collection":[{"href":"https:\/\/laolladechile.com\/farmacia\/index.php?rest_route=\/wp\/v2\/product"}],"about":[{"href":"https:\/\/laolladechile.com\/farmacia\/index.php?rest_route=\/wp\/v2\/types\/product"}],"replies":[{"embeddable":true,"href":"https:\/\/laolladechile.com\/farmacia\/index.php?rest_route=%2Fwp%2Fv2%2Fcomments&post=32"}],"wp:featuredmedia":[{"embeddable":true,"href":"https:\/\/laolladechile.com\/farmacia\/index.php?rest_route=\/wp\/v2\/media\/20"}],"wp:attachment":[{"href":"https:\/\/laolladechile.com\/farmacia\/index.php?rest_route=%2Fwp%2Fv2%2Fmedia&parent=32"}],"wp:term":[{"taxonomy":"product_cat","embeddable":true,"href":"https:\/\/laolladechile.com\/farmacia\/index.php?rest_route=%2Fwp%2Fv2%2Fproduct_cat&post=32"},{"taxonomy":"product_tag","embeddable":true,"href":"https:\/\/laolladechile.com\/farmacia\/index.php?rest_route=%2Fwp%2Fv2%2Fproduct_tag&post=32"}],"curies":[{"name":"wp","href":"https:\/\/api.w.org\/{rel}","templated":true}]}}