{"id":396,"date":"2024-11-15T12:56:51","date_gmt":"2024-11-15T11:56:51","guid":{"rendered":"https:\/\/laolladechile.com\/farmacia\/?post_type=product&#038;p=396"},"modified":"2024-11-15T12:56:51","modified_gmt":"2024-11-15T11:56:51","slug":"tridentex","status":"publish","type":"product","link":"http:\/\/laolladechile.com\/farmacia\/tridentex","title":{"rendered":"Tridentex"},"content":{"rendered":"<h2><b>Descripci\u00f3n de la droga Tridentex<\/b><\/h2>\n<p><img loading=\"lazy\" decoding=\"async\" class=\"aligncenter size-full wp-image-400\" src=\"http:\/\/laolladechile.com\/farmacia\/wp-content\/uploads\/2024\/11\/Tridentex-3.jpg\" alt=\"Tridentex como se aplica\" width=\"600\" height=\"443\" srcset=\"https:\/\/laolladechile.com\/farmacia\/wp-content\/uploads\/2024\/11\/Tridentex-3.jpg 600w, https:\/\/laolladechile.com\/farmacia\/wp-content\/uploads\/2024\/11\/Tridentex-3-300x222.jpg 300w\" sizes=\"(max-width: 600px) 100vw, 600px\" \/><\/p>\n<p><b>Tridentex <\/b>pastillas donde lo puedo conseguir es un activador de potencia natural que no da\u00f1a la salud de los hombres. La base de la f\u00f3rmula del medicamento son ingredientes exclusivamente naturales y esto elimina por completo los efectos secundarios de tomar el medicamento y tambi\u00e9n previene posibles reacciones al\u00e9rgicas.<\/p>\n<p>Por lo general, los hombres sufren mucho por el hecho de que muchas c\u00e1psulas de erecci\u00f3n potentes tienen un efecto adverso en el cuerpo. Algunos de los medicamentos para la potencia llevan al elevador a un estado doloroso, causan enrojecimiento en la piel, evitan que el pene se caiga hasta las 24 horas, etc.<\/p>\n<p>Pero con donde lo venden farmacias Tridentex donde comprar precio para que sirve, no sucede nada como esto. Este producto induce de forma natural y bastante suave un aumento del deseo sexual por el sexo opuesto, proporciona una firmeza estable del pene y aumenta la resistencia de una persona en la cama. Adem\u00e1s, la herramienta le permite controlar la eyaculaci\u00f3n y previene un posible orgasmo prematuro.<\/p>\n<p>El secreto de las caracter\u00edsticas impecables de una receta natural es una combinaci\u00f3n equilibrada de ingredientes naturales. Los ingredientes seleccionados estimulan constantemente la potencia y al mismo tiempo controlan en lugar de aumentar la presi\u00f3n arterial. Gracias a esto, los hombres podr\u00e1n demostrar resultados incre\u00edbles en la cama, pero el m\u00fasculo card\u00edaco y otros \u00f3rganos vitales no se desgastan.<\/p>\n<h2><b>\u00bfC\u00f3mo funciona el remedio Tridentex?<\/b><\/h2>\n<ul>\n<li aria-level=\"1\">Ayuda a lograr r\u00e1pidamente una erecci\u00f3n, por lo que la pareja admira el aumento de tama\u00f1o del pene;<\/li>\n<li aria-level=\"1\">Proporciona una erecci\u00f3n estable durante varias horas, pero sin sensaciones dolorosas o inc\u00f3modas para el paciente;<\/li>\n<li aria-level=\"1\">Aumenta el flujo sangu\u00edneo al \u00e1rea de la ingle y llena el cuerpo cavernoso con una gran cantidad de sangre;<\/li>\n<li aria-level=\"1\">No permite que un hombre termine prematuramente y aumenta su confianza en s\u00ed mismo, tiene una peque\u00f1a cantidad de sedantes para descargar el sistema nervioso central;<\/li>\n<li aria-level=\"1\">Aumenta las sensaciones placenteras durante el orgasmo.<\/li>\n<\/ul>\n<h2><b>Tridentex debe usarse en los siguientes casos:<\/b><\/h2>\n<ol>\n<li aria-level=\"1\">Si es dif\u00edcil lograr la excitaci\u00f3n sexual o una erecci\u00f3n estable, a pesar del deseo interno de tener relaciones sexuales;<\/li>\n<li aria-level=\"1\">Cuando hay alguna dificultad con la erecci\u00f3n despu\u00e9s de beber alcohol o de un largo d\u00eda de trabajo;<\/li>\n<li aria-level=\"1\">Con problemas psicol\u00f3gicos asociados con la intimidad, por ejemplo, impotencia psicol\u00f3gica;<\/li>\n<li aria-level=\"1\">Si, durante los juegos previos, el hombre est\u00e1 sobreexcitado y alcanza un pico antes de tiempo, lo que molesta mucho a la pareja;<\/li>\n<li aria-level=\"1\">Con estr\u00e9s f\u00edsico y emocional grave, que afecta negativamente la actividad sexual y reduce la libido.<\/li>\n<\/ol>\n<h2><b>Ventajas de la droga Tridentex<\/b><\/h2>\n<ul>\n<li aria-level=\"1\">La composici\u00f3n no tiene un efecto negativo en el cuerpo y tampoco tiene contraindicaciones. Por lo tanto, las c\u00e1psulas naturales para potenciar se pueden usar a cualquier edad;<\/li>\n<li aria-level=\"1\">La f\u00f3rmula natural es absolutamente compatible con otros medicamentos e incluso con el alcohol;<\/li>\n<li aria-level=\"1\">La receta no contiene ning\u00fan compuesto qu\u00edmico sint\u00e9tico, t\u00f3xico o potente que pueda provocar alergias o malestar;<\/li>\n<li aria-level=\"1\">Los componentes principales de la composici\u00f3n ayudan a fortalecer el m\u00fasculo card\u00edaco y le permiten mantener un indicador de presi\u00f3n arterial que es seguro para el cuerpo. En el caso de los an\u00e1logos, este no es el caso;<\/li>\n<li aria-level=\"1\">La eficacia del f\u00e1rmaco ha sido probada en un entorno cl\u00ednico y casi todos los voluntarios obtuvieron resultados incre\u00edblemente altos en t\u00e9rminos de tratamiento y prevenci\u00f3n de la disfunci\u00f3n er\u00e9ctil.<\/li>\n<\/ul>\n<h2><b>\u00bfSe puede comprar este remedio en farmacias en M\u00e9xico?<\/b><\/h2>\n<p>En ning\u00fan caso podr\u00e1 comprar el producto en farmacias de M\u00e9xico. El activador de erecci\u00f3n se vende solo en l\u00ednea y no est\u00e1 disponible en tiendas minoristas. Esto se hace para proteger a los compradores de enormes m\u00e1rgenes, falsificaciones o falsificaciones almacenadas en condiciones inadecuadas.<\/p>\n<p>Importante: el fabricante mantiene la informaci\u00f3n personal de los clientes en completo secreto y en el almac\u00e9n la compra se empaqueta en un paquete opaco. Incluso la oficina de correos y el mensajero no conocen el contenido real del buz\u00f3n. Puede estar seguro de esto.<\/p>\n<h2><b>Instrucciones de uso completas Tridentex para que sirve<\/b><\/h2>\n<p><img loading=\"lazy\" decoding=\"async\" class=\"aligncenter size-full wp-image-399\" src=\"http:\/\/laolladechile.com\/farmacia\/wp-content\/uploads\/2024\/11\/Tridentex-2.jpg\" alt=\"Tridentex como se usa el\" width=\"600\" height=\"211\" srcset=\"https:\/\/laolladechile.com\/farmacia\/wp-content\/uploads\/2024\/11\/Tridentex-2.jpg 600w, https:\/\/laolladechile.com\/farmacia\/wp-content\/uploads\/2024\/11\/Tridentex-2-300x106.jpg 300w\" sizes=\"(max-width: 600px) 100vw, 600px\" \/><\/p>\n<ul>\n<li aria-level=\"1\">Tomar 1 c\u00e1psula 15-20 minutos antes de tener relaciones sexuales;<\/li>\n<li aria-level=\"1\">Abrir y diluir el contenido en un poco de agua, jugo o cualquier otro l\u00edquido;<\/li>\n<li aria-level=\"1\">Beba la soluci\u00f3n resultante en peque\u00f1os sorbos;<\/li>\n<li aria-level=\"1\">Inicie los juegos previos y contin\u00fae hasta que tenga una erecci\u00f3n.<\/li>\n<\/ul>\n<p>Repita el procedimiento de vez en cuando para lograr el mejor resultado y mantener la firmeza del pene. Si tiene problemas habituales con las relaciones sexuales, puede recibir un tratamiento m\u00ednimo con este medicamento. En este caso, las c\u00e1psulas se utilizan todos los d\u00edas durante 1 mes.<\/p>\n<h2><b>Composici\u00f3n completa de la droga Tridentex<\/b><\/h2>\n<ul>\n<li aria-level=\"1\">Fitoesteroles: este es el nombre del germen de trigo, que ayuda a elevar el nivel de testosterona activa y normalizar el fondo hormonal en el cuerpo masculino;<\/li>\n<li aria-level=\"1\">La alotrifalina es una sustancia no sint\u00e9tica que no tiene efectos secundarios y le permite poner el pene en alerta r\u00e1pidamente;<\/li>\n<li aria-level=\"1\">Zarzaparrilla: aumenta significativamente la vitalidad del paciente, reduce el nivel de fatiga y fatiga y tambi\u00e9n neutraliza la depresi\u00f3n y la mala salud;<\/li>\n<li aria-level=\"1\">La maca peruana es un afrodis\u00edaco natural que aumenta la libido varias veces, elimina la disfunci\u00f3n er\u00e9ctil y realza la firmeza del pene;<\/li>\n<li aria-level=\"1\">Hamelirium: tiene un ligero efecto diur\u00e9tico y antiinflamatorio, por lo que ayuda a restaurar la funci\u00f3n sexual masculina;<\/li>\n<li aria-level=\"1\">Coco poria: promueve un aumento del deseo sexual y protege el sistema genitourinario de la formaci\u00f3n de tumores o inflamaci\u00f3n.<\/li>\n<\/ul>\n<h2><b>C\u00f3mo usar la droga Tridentex como se aplica<\/b><\/h2>\n<p>Use Tridentex pastillas farmacia del ahorro 15 minutos antes del sexo para asegurar una erecci\u00f3n firme sin molestias ni molestias.<\/p>\n<p>Se puede utilizar otra herramienta para el tratamiento de la disfunci\u00f3n er\u00e9ctil. El curso completo en este caso es de 30 d\u00edas, durante los cuales debe beber 1 c\u00e1psula en cualquier momento conveniente.<\/p>\n<h2><b>\u00bfCu\u00e1les son las contraindicaciones del Tridentex M\u00e9xico Guadalajara?<\/b><\/h2>\n<p>El producto no tiene contraindicaciones ni restricciones porque la f\u00f3rmula se basa en 6 ingredientes naturales. Las sustancias no tienen ning\u00fan efecto negativo en el cuerpo y tambi\u00e9n tienen un efecto fortalecedor general sobre la salud de los hombres.<\/p>\n<h2><b>Comentarios reales de clientes de es bueno o malo Tridentex efectos secundarios opiniones<\/b><\/h2>\n<blockquote><p><b>Daniel, 29 a\u00f1os<\/b><\/p>\n<p>Despu\u00e9s del alcohol siempre quiero tener sexo, el deseo es irresistible. Un problema es que la erecci\u00f3n es d\u00e9bil y es m\u00e1s dif\u00edcil alcanzar el pico. Encontr\u00e9 una salida gracias al consejo de un amigo, quien aconsej\u00f3 al precio farmacia del ahorro funciona Tridentex opiniones precio y dijo que es posible interferir con el alcohol sin miedo. \u00a1Ahora definitivamente llevo este producto conmigo a clubes, fiestas ruidosas y d\u00edas festivos, para no mostrarme a mi pareja en todo su esplendor!<\/p><\/blockquote>\n<p>&nbsp;<\/p>\n<blockquote><p><b>Ricardo, 57 a\u00f1os<\/b><\/p>\n<p>Tuve la suerte de mantener una excelente potencia hasta casi la vejez. Pero a\u00fan quieres complacer a tu joven esposa con sexo regular y, a veces, tienes que recurrir a algunos trucos. Walmart confiable Tridentex pastillas opiniones precio farmacia similares se convirti\u00f3 en mi asistente en este asunto. Puedo usarlo en los d\u00edas en que estoy muy cansado o mi esposa est\u00e1 de humor para caricias m\u00e1s largas. Hasta ahora nunca he fallado, una erecci\u00f3n llega en unos 20 minutos y dura hasta el final sin cambios.<\/p><\/blockquote>\n<p>&nbsp;<\/p>\n<blockquote><p><b>Manuel, 36 a\u00f1os<\/b><\/p>\n<p>\u00a1El mejor producto low cost del mercado! Practico deportes activamente y, a veces, apenas tengo fuerzas para llegar a casa. Para una relaci\u00f3n sana, no puedo dejar el sexo en un segundo plano, \u00a1as\u00ed que el activador de potencia es muy \u00fatil! Adem\u00e1s, no hay qu\u00edmica y las c\u00e1psulas no tienen ning\u00fan efecto sobre la salud de la c\u00e1psula. \u00a1Recomendar!<\/p><\/blockquote>\n<h2><b>\u00bfD\u00f3nde comprar Tridentex precio m\u00e9xico?<\/b><\/h2>\n<p>Puede comprar el medicamento para la impotencia opiniones Tridentex precio solo en el sitio web oficial del fabricante. en otras tiendas o portales en l\u00ednea, el producto no se presenta, porque el fabricante no coopera con terceros, no utiliza los servicios de intermediarios.<\/p>\n<p>La empresa participa directamente en la distribuci\u00f3n del medicamento, lo que reduce el n\u00famero de falsificaciones y ayuda a mantener un precio aceptable para el medicamento.<\/p>\n<p>Tenga en cuenta que las c\u00e1psulas de erecci\u00f3n tampoco est\u00e1n disponibles en tiendas minoristas y centros comerciales. Nunca encontrar\u00e1 las c\u00e1psulas originales donde lo venden medicamento opiniones Tridentex donde comprar M\u00e9xico en los mostradores de los puestos o en otro lugar, porque no llegan all\u00ed.<\/p>\n<p>Si alguna vez le ofrecen comprar un producto fuera del sitio oficial, entonces estos son 100% estafadores. Los atacantes quieren sacar provecho de las personas cr\u00e9dulos y est\u00e1n intentando de todas las formas posibles falsificar c\u00e1psulas milagrosas para combatir la disfunci\u00f3n er\u00e9ctil.<\/p>\n<h2><b>\u00bfC\u00f3mo pedir Tridentex donde lo venden?<\/b><\/h2>\n<p><img loading=\"lazy\" decoding=\"async\" class=\"aligncenter size-full wp-image-398\" src=\"http:\/\/laolladechile.com\/farmacia\/wp-content\/uploads\/2024\/11\/Tridentex-1.jpg\" alt=\"Tridentex es bueno o malo\" width=\"269\" height=\"300\" \/><\/p>\n<p>Puede solicitar el activador de potencia como se usa el resultados reales Tridentex mx en la p\u00e1gina principal del sitio web oficial a trav\u00e9s de un formulario especial. Incluye solo unos pocos campos donde debe ingresar su propio nombre y n\u00famero de tel\u00e9fono de contacto. Tan pronto como se llenen las l\u00edneas en blanco, env\u00ede una solicitud de procesamiento y un empleado de la empresa de fabricaci\u00f3n se comunicar\u00e1 con usted en breve.<\/p>\n<p>No es necesario que realice un pago por adelantado ni proporcione ninguna informaci\u00f3n comercial sobre usted. El paquete se paga solo al recibirlo y no se requiere el pago por adelantado del pedido.<\/p>\n","protected":false},"excerpt":{"rendered":"<div class=\"flex max-w-full flex-col flex-grow\">\n<div class=\"min-h-8 text-message flex w-full flex-col items-end gap-2 whitespace-normal break-words [.text-message+&amp;]:mt-5\" dir=\"auto\" data-message-author-role=\"assistant\" data-message-id=\"e692411f-6d30-43a0-a21a-50a7f1841d43\" data-message-model-slug=\"gpt-4o\">\n<div class=\"flex w-full flex-col gap-1 empty:hidden first:pt-[3px]\">\n<div class=\"markdown prose w-full break-words dark:prose-invert light\">\n<p>Tridentex es un activador natural de la potencia masculina que garantiza resultados seguros y efectivos. Su f\u00f3rmula a base de ingredientes naturales elimina los efectos secundarios y previene reacciones al\u00e9rgicas, brindando una experiencia placentera y saludable.<\/p>\n<\/div>\n<\/div>\n<\/div>\n<\/div>\n","protected":false},"featured_media":397,"comment_status":"open","ping_status":"closed","template":"","meta":[],"product_cat":[15],"product_tag":[],"yoast_head":"<!-- This site is optimized with the Yoast SEO plugin v23.8 - https:\/\/yoast.com\/wordpress\/plugins\/seo\/ -->\n<title>Tridentex comprar c\u00e1psulas para potencia en La Olla de Chile<\/title>\n<meta name=\"robots\" content=\"index, follow, max-snippet:-1, max-image-preview:large, max-video-preview:-1\" \/>\n<link rel=\"canonical\" href=\"http:\/\/laolladechile.com\/farmacia\/tridentex\" \/>\n<meta property=\"og:locale\" content=\"es_ES\" \/>\n<meta property=\"og:type\" content=\"article\" \/>\n<meta property=\"og:title\" content=\"Tridentex comprar c\u00e1psulas para potencia en La Olla de Chile\" \/>\n<meta property=\"og:description\" content=\"Tridentex es un activador natural de la potencia masculina que garantiza resultados seguros y efectivos. Su f\u00f3rmula a base de ingredientes naturales elimina los efectos secundarios y previene reacciones al\u00e9rgicas, brindando una experiencia placentera y saludable.\" \/>\n<meta property=\"og:url\" content=\"http:\/\/laolladechile.com\/farmacia\/tridentex\" \/>\n<meta property=\"og:site_name\" content=\"La Olla de Chile Farmacia\" \/>\n<meta property=\"og:image\" content=\"http:\/\/laolladechile.com\/farmacia\/wp-content\/uploads\/2024\/11\/Tridentex.jpg\" \/>\n\t<meta property=\"og:image:width\" content=\"338\" \/>\n\t<meta property=\"og:image:height\" content=\"350\" \/>\n\t<meta property=\"og:image:type\" content=\"image\/jpeg\" \/>\n<meta name=\"twitter:card\" content=\"summary_large_image\" \/>\n<meta name=\"twitter:label1\" content=\"Tiempo de lectura\" \/>\n\t<meta name=\"twitter:data1\" content=\"7 minutos\" \/>\n<script type=\"application\/ld+json\" class=\"yoast-schema-graph\">{\"@context\":\"https:\/\/schema.org\",\"@graph\":[{\"@type\":\"WebPage\",\"@id\":\"http:\/\/laolladechile.com\/farmacia\/tridentex\",\"url\":\"http:\/\/laolladechile.com\/farmacia\/tridentex\",\"name\":\"Tridentex comprar c\u00e1psulas para potencia en La Olla de Chile\",\"isPartOf\":{\"@id\":\"https:\/\/laolladechile.com\/farmacia\/#website\"},\"primaryImageOfPage\":{\"@id\":\"http:\/\/laolladechile.com\/farmacia\/tridentex#primaryimage\"},\"image\":{\"@id\":\"http:\/\/laolladechile.com\/farmacia\/tridentex#primaryimage\"},\"thumbnailUrl\":\"https:\/\/laolladechile.com\/farmacia\/wp-content\/uploads\/2024\/11\/Tridentex.jpg\",\"datePublished\":\"2024-11-15T11:56:51+00:00\",\"dateModified\":\"2024-11-15T11:56:51+00:00\",\"breadcrumb\":{\"@id\":\"http:\/\/laolladechile.com\/farmacia\/tridentex#breadcrumb\"},\"inLanguage\":\"es\",\"potentialAction\":[{\"@type\":\"ReadAction\",\"target\":[\"http:\/\/laolladechile.com\/farmacia\/tridentex\"]}]},{\"@type\":\"ImageObject\",\"inLanguage\":\"es\",\"@id\":\"http:\/\/laolladechile.com\/farmacia\/tridentex#primaryimage\",\"url\":\"https:\/\/laolladechile.com\/farmacia\/wp-content\/uploads\/2024\/11\/Tridentex.jpg\",\"contentUrl\":\"https:\/\/laolladechile.com\/farmacia\/wp-content\/uploads\/2024\/11\/Tridentex.jpg\",\"width\":338,\"height\":350,\"caption\":\"Tridentex\"},{\"@type\":\"BreadcrumbList\",\"@id\":\"http:\/\/laolladechile.com\/farmacia\/tridentex#breadcrumb\",\"itemListElement\":[{\"@type\":\"ListItem\",\"position\":1,\"name\":\"Home\",\"item\":\"https:\/\/laolladechile.com\/farmacia\/\"},{\"@type\":\"ListItem\",\"position\":2,\"name\":\"Tridentex\"}]},{\"@type\":\"WebSite\",\"@id\":\"https:\/\/laolladechile.com\/farmacia\/#website\",\"url\":\"https:\/\/laolladechile.com\/farmacia\/\",\"name\":\"La Olla de Chile Farmacia\",\"description\":\"\",\"publisher\":{\"@id\":\"https:\/\/laolladechile.com\/farmacia\/#organization\"},\"potentialAction\":[{\"@type\":\"SearchAction\",\"target\":{\"@type\":\"EntryPoint\",\"urlTemplate\":\"https:\/\/laolladechile.com\/farmacia\/?s={search_term_string}\"},\"query-input\":{\"@type\":\"PropertyValueSpecification\",\"valueRequired\":true,\"valueName\":\"search_term_string\"}}],\"inLanguage\":\"es\"},{\"@type\":\"Organization\",\"@id\":\"https:\/\/laolladechile.com\/farmacia\/#organization\",\"name\":\"La Olla de Chile Farmacia\",\"url\":\"https:\/\/laolladechile.com\/farmacia\/\",\"logo\":{\"@type\":\"ImageObject\",\"inLanguage\":\"es\",\"@id\":\"https:\/\/laolladechile.com\/farmacia\/#\/schema\/logo\/image\/\",\"url\":\"https:\/\/laolladechile.com\/farmacia\/wp-content\/uploads\/2024\/11\/logo-la-olla.jpg\",\"contentUrl\":\"https:\/\/laolladechile.com\/farmacia\/wp-content\/uploads\/2024\/11\/logo-la-olla.jpg\",\"width\":261,\"height\":62,\"caption\":\"La Olla de Chile Farmacia\"},\"image\":{\"@id\":\"https:\/\/laolladechile.com\/farmacia\/#\/schema\/logo\/image\/\"}}]}<\/script>\n<!-- \/ Yoast SEO plugin. -->","yoast_head_json":{"title":"Tridentex comprar c\u00e1psulas para potencia en La Olla de Chile","robots":{"index":"index","follow":"follow","max-snippet":"max-snippet:-1","max-image-preview":"max-image-preview:large","max-video-preview":"max-video-preview:-1"},"canonical":"http:\/\/laolladechile.com\/farmacia\/tridentex","og_locale":"es_ES","og_type":"article","og_title":"Tridentex comprar c\u00e1psulas para potencia en La Olla de Chile","og_description":"Tridentex es un activador natural de la potencia masculina que garantiza resultados seguros y efectivos. Su f\u00f3rmula a base de ingredientes naturales elimina los efectos secundarios y previene reacciones al\u00e9rgicas, brindando una experiencia placentera y saludable.","og_url":"http:\/\/laolladechile.com\/farmacia\/tridentex","og_site_name":"La Olla de Chile Farmacia","og_image":[{"width":338,"height":350,"url":"http:\/\/laolladechile.com\/farmacia\/wp-content\/uploads\/2024\/11\/Tridentex.jpg","type":"image\/jpeg"}],"twitter_card":"summary_large_image","twitter_misc":{"Tiempo de lectura":"7 minutos"},"schema":{"@context":"https:\/\/schema.org","@graph":[{"@type":"WebPage","@id":"http:\/\/laolladechile.com\/farmacia\/tridentex","url":"http:\/\/laolladechile.com\/farmacia\/tridentex","name":"Tridentex comprar c\u00e1psulas para potencia en La Olla de Chile","isPartOf":{"@id":"https:\/\/laolladechile.com\/farmacia\/#website"},"primaryImageOfPage":{"@id":"http:\/\/laolladechile.com\/farmacia\/tridentex#primaryimage"},"image":{"@id":"http:\/\/laolladechile.com\/farmacia\/tridentex#primaryimage"},"thumbnailUrl":"https:\/\/laolladechile.com\/farmacia\/wp-content\/uploads\/2024\/11\/Tridentex.jpg","datePublished":"2024-11-15T11:56:51+00:00","dateModified":"2024-11-15T11:56:51+00:00","breadcrumb":{"@id":"http:\/\/laolladechile.com\/farmacia\/tridentex#breadcrumb"},"inLanguage":"es","potentialAction":[{"@type":"ReadAction","target":["http:\/\/laolladechile.com\/farmacia\/tridentex"]}]},{"@type":"ImageObject","inLanguage":"es","@id":"http:\/\/laolladechile.com\/farmacia\/tridentex#primaryimage","url":"https:\/\/laolladechile.com\/farmacia\/wp-content\/uploads\/2024\/11\/Tridentex.jpg","contentUrl":"https:\/\/laolladechile.com\/farmacia\/wp-content\/uploads\/2024\/11\/Tridentex.jpg","width":338,"height":350,"caption":"Tridentex"},{"@type":"BreadcrumbList","@id":"http:\/\/laolladechile.com\/farmacia\/tridentex#breadcrumb","itemListElement":[{"@type":"ListItem","position":1,"name":"Home","item":"https:\/\/laolladechile.com\/farmacia\/"},{"@type":"ListItem","position":2,"name":"Tridentex"}]},{"@type":"WebSite","@id":"https:\/\/laolladechile.com\/farmacia\/#website","url":"https:\/\/laolladechile.com\/farmacia\/","name":"La Olla de Chile Farmacia","description":"","publisher":{"@id":"https:\/\/laolladechile.com\/farmacia\/#organization"},"potentialAction":[{"@type":"SearchAction","target":{"@type":"EntryPoint","urlTemplate":"https:\/\/laolladechile.com\/farmacia\/?s={search_term_string}"},"query-input":{"@type":"PropertyValueSpecification","valueRequired":true,"valueName":"search_term_string"}}],"inLanguage":"es"},{"@type":"Organization","@id":"https:\/\/laolladechile.com\/farmacia\/#organization","name":"La Olla de Chile Farmacia","url":"https:\/\/laolladechile.com\/farmacia\/","logo":{"@type":"ImageObject","inLanguage":"es","@id":"https:\/\/laolladechile.com\/farmacia\/#\/schema\/logo\/image\/","url":"https:\/\/laolladechile.com\/farmacia\/wp-content\/uploads\/2024\/11\/logo-la-olla.jpg","contentUrl":"https:\/\/laolladechile.com\/farmacia\/wp-content\/uploads\/2024\/11\/logo-la-olla.jpg","width":261,"height":62,"caption":"La Olla de Chile Farmacia"},"image":{"@id":"https:\/\/laolladechile.com\/farmacia\/#\/schema\/logo\/image\/"}}]}},"_links":{"self":[{"href":"https:\/\/laolladechile.com\/farmacia\/index.php?rest_route=\/wp\/v2\/product\/396"}],"collection":[{"href":"https:\/\/laolladechile.com\/farmacia\/index.php?rest_route=\/wp\/v2\/product"}],"about":[{"href":"https:\/\/laolladechile.com\/farmacia\/index.php?rest_route=\/wp\/v2\/types\/product"}],"replies":[{"embeddable":true,"href":"https:\/\/laolladechile.com\/farmacia\/index.php?rest_route=%2Fwp%2Fv2%2Fcomments&post=396"}],"wp:featuredmedia":[{"embeddable":true,"href":"https:\/\/laolladechile.com\/farmacia\/index.php?rest_route=\/wp\/v2\/media\/397"}],"wp:attachment":[{"href":"https:\/\/laolladechile.com\/farmacia\/index.php?rest_route=%2Fwp%2Fv2%2Fmedia&parent=396"}],"wp:term":[{"taxonomy":"product_cat","embeddable":true,"href":"https:\/\/laolladechile.com\/farmacia\/index.php?rest_route=%2Fwp%2Fv2%2Fproduct_cat&post=396"},{"taxonomy":"product_tag","embeddable":true,"href":"https:\/\/laolladechile.com\/farmacia\/index.php?rest_route=%2Fwp%2Fv2%2Fproduct_tag&post=396"}],"curies":[{"name":"wp","href":"https:\/\/api.w.org\/{rel}","templated":true}]}}